{"id":67218,"date":"2024-03-22T15:45:01","date_gmt":"2024-03-22T14:45:01","guid":{"rendered":"https:\/\/abinox-chr-clim.com\/index.php\/product\/sac-a-dos-isotherme-de-livraison-vogue-gris-550x400x400mm\/"},"modified":"2025-07-10T11:27:17","modified_gmt":"2025-07-10T09:27:17","slug":"sac-a-dos-isotherme-de-livraison-vogue-gris-550x400x400mm","status":"publish","type":"product","link":"https:\/\/abinox-chr-clim.com\/index.php\/product\/sac-a-dos-isotherme-de-livraison-vogue-gris-550x400x400mm\/","title":{"rendered":"Sac \u00e0 dos isotherme de livraison Vogue gris 550x400x400mm"},"content":{"rendered":"<p>Sac \u00e0 dos de livraison \u00e0 chargement par le haut, facile \u00e0 nettoyer avec bretelles robustes et sangle de poitrine. Une isolation \u00e9paisse et un tissu int\u00e9rieur et ext\u00e9rieur en polyester de qualit\u00e9 garderont les aliments \u00e0 la temp\u00e9rature de service id\u00e9ale plus longtemps. Ext\u00e9rieur gris avec bandes r\u00e9fl\u00e9chissantes pour plus de s\u00e9curit\u00e9 pendant la livraison. Peut \u00eatre utilis\u00e9 pour le transport ou pour le service de plats chauds et froids dans de grandes salles.<br \/>Ext\u00e9rieur; Polyester gris 600 deniers. Int\u00e9rieur; Vinyle noir 300 deniers. Int\u00e9rieur et ext\u00e9rieur nettoyables d&rsquo;un coup d&rsquo;\u00e9ponge. Dispose de bandes r\u00e9fl\u00e9chissantes pour plus de s\u00e9curit\u00e9 lors de la livraison. Bretelles robustes et sangle de poitrine suppl\u00e9mentaire. Isolation \u00e9paisse pour garder les aliments au chaud. Poche ticket. Dimensions 550x400x400mm. Fermeture \u00e9clair pour un chargement facile. Chargement par le haut. Ext\u00e9rieur; Polyester gris 600 deniers.<\/p>\n<p>Caract\u00e9ristiques :<br \/> Dimensions : 550(H) x 400(L) x 400(P) mm.<br \/> Mati\u00e8re : Polyester.<br \/> Couleur : Gris.<\/p>\n","protected":false},"excerpt":{"rendered":"<p>Sac \u00e0 dos isotherme de livraison Vogue gris 550x400x400mm<\/p>\n","protected":false},"featured_media":100882,"comment_status":"closed","ping_status":"closed","template":"","meta":[],"product_brand":[],"product_cat":[1280,1064,1297,1074],"product_tag":[],"class_list":{"0":"post-67218","1":"product","2":"type-product","3":"status-publish","4":"has-post-thumbnail","6":"product_cat-conteneurs-alimentaires-et-bacs-gastronorme-cuisine","7":"product_cat-cuisine","8":"product_cat-non-palettisable","9":"product_cat-thermobox-et-sacs","10":"product_shipping_class-free-shipping","12":"first","13":"outofstock","14":"featured","15":"taxable","16":"shipping-taxable","17":"purchasable","18":"product-type-simple"},"_links":{"self":[{"href":"https:\/\/abinox-chr-clim.com\/index.php\/wp-json\/wp\/v2\/product\/67218","targetHints":{"allow":["GET"]}}],"collection":[{"href":"https:\/\/abinox-chr-clim.com\/index.php\/wp-json\/wp\/v2\/product"}],"about":[{"href":"https:\/\/abinox-chr-clim.com\/index.php\/wp-json\/wp\/v2\/types\/product"}],"replies":[{"embeddable":true,"href":"https:\/\/abinox-chr-clim.com\/index.php\/wp-json\/wp\/v2\/comments?post=67218"}],"wp:featuredmedia":[{"embeddable":true,"href":"https:\/\/abinox-chr-clim.com\/index.php\/wp-json\/wp\/v2\/media\/100882"}],"wp:attachment":[{"href":"https:\/\/abinox-chr-clim.com\/index.php\/wp-json\/wp\/v2\/media?parent=67218"}],"wp:term":[{"taxonomy":"product_brand","embeddable":true,"href":"https:\/\/abinox-chr-clim.com\/index.php\/wp-json\/wp\/v2\/product_brand?post=67218"},{"taxonomy":"product_cat","embeddable":true,"href":"https:\/\/abinox-chr-clim.com\/index.php\/wp-json\/wp\/v2\/product_cat?post=67218"},{"taxonomy":"product_tag","embeddable":true,"href":"https:\/\/abinox-chr-clim.com\/index.php\/wp-json\/wp\/v2\/product_tag?post=67218"}],"curies":[{"name":"wp","href":"https:\/\/api.w.org\/{rel}","templated":true}]}}