{"id":67215,"date":"2024-03-22T15:45:00","date_gmt":"2024-03-22T14:45:00","guid":{"rendered":"https:\/\/abinox-chr-clim.com\/index.php\/product\/sac-de-livraison-isotherme-pliant-vogue-gris-305-x-380-x-380-mm\/"},"modified":"2026-04-24T10:24:35","modified_gmt":"2026-04-24T08:24:35","slug":"sac-de-livraison-isotherme-pliant-vogue-gris-305-x-380-x-380-mm","status":"publish","type":"product","link":"https:\/\/abinox-chr-clim.com\/index.php\/product\/sac-de-livraison-isotherme-pliant-vogue-gris-305-x-380-x-380-mm\/","title":{"rendered":"Sac de livraison isotherme pliant Vogue gris 305\u00a0x\u00a0380\u00a0x\u00a0380\u00a0mm"},"content":{"rendered":"<p>Sac en nylon pliable \u00e0 plat, facile \u00e0 nettoyer avec fen\u00eatre pour identification des cartes. Insert pour maintenir la forme et la stabilit\u00e9 du sac vendu s\u00e9par\u00e9ment. Une isolation \u00e9paisse et un tissu en polyester int\u00e9rieur et ext\u00e9rieur de haute qualit\u00e9 maintiendront les aliments \u00e0 la temp\u00e9rature id\u00e9ale plus longtemps. Peut \u00eatre utilis\u00e9 pour le service \u00e0 emporter ou pour le transport de plats chauds et froids dans de grandes salles.<br \/>Ext\u00e9rieur gris en polyester 600\u00a0deniers. Int\u00e9rieur noir en vinyle 300\u00a0deniers. Int\u00e9rieur et ext\u00e9rieur lavables \u00e0 l\u00bfeau. Il comprend un ruban r\u00e9fl\u00e9chissant pour plus de s\u00e9curit\u00e9 lors de la livraison. Bandouli\u00e8re robuste. Isolation \u00e9paisse pour garder les aliments au chaud. Poche \u00e0 billet. Dimensions\u00a0: 305\u00a0x\u00a0380\u00a0x\u00a0380\u00a0mm. Conception pliable pour faciliter le rangement. Chargement par le haut. NB : livr\u00e9 sans s\u00e9parateur. Ext\u00e9rieur gris en polyester 600\u00a0deniers.<\/p>\n<p>Caract\u00e9ristiques :<br \/> Dimensions : 380(H) x 380(L) x 305(P) mm.<br \/> Mati\u00e8re : Polyester.<br \/> Couleur : Gris.<\/p>\n","protected":false},"excerpt":{"rendered":"<p>Sac de livraison isotherme pliant Vogue gris 305\u00a0x\u00a0380\u00a0x\u00a0380\u00a0mm<\/p>\n","protected":false},"featured_media":100846,"comment_status":"closed","ping_status":"closed","template":"","meta":[],"product_brand":[],"product_cat":[1280,1064,1297,1074],"product_tag":[],"class_list":{"0":"post-67215","1":"product","2":"type-product","3":"status-publish","4":"has-post-thumbnail","6":"product_cat-conteneurs-alimentaires-et-bacs-gastronorme-cuisine","7":"product_cat-cuisine","8":"product_cat-non-palettisable","9":"product_cat-thermobox-et-sacs","10":"product_shipping_class-free-shipping","12":"first","13":"instock","14":"featured","15":"taxable","16":"shipping-taxable","17":"purchasable","18":"product-type-simple"},"_links":{"self":[{"href":"https:\/\/abinox-chr-clim.com\/index.php\/wp-json\/wp\/v2\/product\/67215","targetHints":{"allow":["GET"]}}],"collection":[{"href":"https:\/\/abinox-chr-clim.com\/index.php\/wp-json\/wp\/v2\/product"}],"about":[{"href":"https:\/\/abinox-chr-clim.com\/index.php\/wp-json\/wp\/v2\/types\/product"}],"replies":[{"embeddable":true,"href":"https:\/\/abinox-chr-clim.com\/index.php\/wp-json\/wp\/v2\/comments?post=67215"}],"wp:featuredmedia":[{"embeddable":true,"href":"https:\/\/abinox-chr-clim.com\/index.php\/wp-json\/wp\/v2\/media\/100846"}],"wp:attachment":[{"href":"https:\/\/abinox-chr-clim.com\/index.php\/wp-json\/wp\/v2\/media?parent=67215"}],"wp:term":[{"taxonomy":"product_brand","embeddable":true,"href":"https:\/\/abinox-chr-clim.com\/index.php\/wp-json\/wp\/v2\/product_brand?post=67215"},{"taxonomy":"product_cat","embeddable":true,"href":"https:\/\/abinox-chr-clim.com\/index.php\/wp-json\/wp\/v2\/product_cat?post=67215"},{"taxonomy":"product_tag","embeddable":true,"href":"https:\/\/abinox-chr-clim.com\/index.php\/wp-json\/wp\/v2\/product_tag?post=67215"}],"curies":[{"name":"wp","href":"https:\/\/api.w.org\/{rel}","templated":true}]}}