{"id":67205,"date":"2024-03-22T15:44:56","date_gmt":"2024-03-22T14:44:56","guid":{"rendered":"https:\/\/abinox-chr-clim.com\/index.php\/product\/conteneur-de-transport-isotherme-pour-pizza-gobox-cambro\/"},"modified":"2025-06-30T11:11:46","modified_gmt":"2025-06-30T09:11:46","slug":"conteneur-de-transport-isotherme-pour-pizza-gobox-cambro","status":"publish","type":"product","link":"https:\/\/abinox-chr-clim.com\/index.php\/product\/conteneur-de-transport-isotherme-pour-pizza-gobox-cambro\/","title":{"rendered":"Conteneur de transport isotherme pour pizza GoBox Cambro"},"content":{"rendered":"<p>Conteneur de transport alimentaire l\u00e9ger et isotherme en polypropyl\u00e8ne expans\u00e9 \u00e0 chargement frontal. Maintient les pizzas croustillantes et \u00e0 temp\u00e9rature.<br \/>Conserve jusqu&rsquo;\u00e0 quatre bo\u00eetes \u00e0 pizza de 33 cm en toute s\u00e9curit\u00e9 pendant le transport. Le chargement par le haut permet de placer ou de retirer rapidement et facilement les pizzas.  La construction solide et robuste prot\u00e8ge le contenu contre les chocs et les coups. Conception durable mais l\u00e9g\u00e8re pour un transport facile en d\u00e9placement. Convient au transport d&rsquo;aliments \u00e0 des temp\u00e9ratures comprises entre -40\u00b0C et 120\u00b0C. Zone d&rsquo;\u00e9tiquette int\u00e9gr\u00e9e et sangle de transport pratique en plastique rouge fournie. Facile \u00e0 nettoyer, il peut m\u00eame \u00eatre mis dans un lave-vaisselle commercial. Num\u00e9ro d&rsquo;article Cambro : EPPZ35175RST. L&rsquo;isolation en polypropyl\u00e8ne expans\u00e9 durable retient la chaleur. Le trou d&rsquo;a\u00e9ration int\u00e9gr\u00e9 \u00e9vacue la vapeur afin que la cro\u00fbte reste croustillante. Conserve jusqu&rsquo;\u00e0 quatre bo\u00eetes \u00e0 pizza de 33 cm en toute s\u00e9curit\u00e9 pendant le transport.<\/p>\n<p>Caract\u00e9ristiques :<br \/> Dimensions : 249(H) x 410(L) x 410(P) mm.<br \/> Mati\u00e8re : Polypropyl\u00e8ne.<br \/> Couleur : Noir.<\/p>\n","protected":false},"excerpt":{"rendered":"<p>Conteneur de transport isotherme pour pizza GoBox Cambro<\/p>\n","protected":false},"featured_media":94528,"comment_status":"closed","ping_status":"closed","template":"","meta":[],"product_brand":[],"product_cat":[1280,1064,1297,1074],"product_tag":[],"class_list":{"0":"post-67205","1":"product","2":"type-product","3":"status-publish","4":"has-post-thumbnail","6":"product_cat-conteneurs-alimentaires-et-bacs-gastronorme-cuisine","7":"product_cat-cuisine","8":"product_cat-non-palettisable","9":"product_cat-thermobox-et-sacs","10":"product_shipping_class-free-shipping","12":"first","13":"outofstock","14":"featured","15":"taxable","16":"shipping-taxable","17":"purchasable","18":"product-type-simple"},"_links":{"self":[{"href":"https:\/\/abinox-chr-clim.com\/index.php\/wp-json\/wp\/v2\/product\/67205","targetHints":{"allow":["GET"]}}],"collection":[{"href":"https:\/\/abinox-chr-clim.com\/index.php\/wp-json\/wp\/v2\/product"}],"about":[{"href":"https:\/\/abinox-chr-clim.com\/index.php\/wp-json\/wp\/v2\/types\/product"}],"replies":[{"embeddable":true,"href":"https:\/\/abinox-chr-clim.com\/index.php\/wp-json\/wp\/v2\/comments?post=67205"}],"wp:featuredmedia":[{"embeddable":true,"href":"https:\/\/abinox-chr-clim.com\/index.php\/wp-json\/wp\/v2\/media\/94528"}],"wp:attachment":[{"href":"https:\/\/abinox-chr-clim.com\/index.php\/wp-json\/wp\/v2\/media?parent=67205"}],"wp:term":[{"taxonomy":"product_brand","embeddable":true,"href":"https:\/\/abinox-chr-clim.com\/index.php\/wp-json\/wp\/v2\/product_brand?post=67205"},{"taxonomy":"product_cat","embeddable":true,"href":"https:\/\/abinox-chr-clim.com\/index.php\/wp-json\/wp\/v2\/product_cat?post=67205"},{"taxonomy":"product_tag","embeddable":true,"href":"https:\/\/abinox-chr-clim.com\/index.php\/wp-json\/wp\/v2\/product_tag?post=67205"}],"curies":[{"name":"wp","href":"https:\/\/api.w.org\/{rel}","templated":true}]}}