{"id":67198,"date":"2024-03-22T15:44:48","date_gmt":"2024-03-22T14:44:48","guid":{"rendered":"https:\/\/abinox-chr-clim.com\/index.php\/product\/conteneur-epp-600-x-400-ouverture-sur-le-dessus-cambro-80-litres\/"},"modified":"2026-04-24T10:09:31","modified_gmt":"2026-04-24T08:09:31","slug":"conteneur-epp-600-x-400-ouverture-sur-le-dessus-cambro-80-litres","status":"publish","type":"product","link":"https:\/\/abinox-chr-clim.com\/index.php\/product\/conteneur-epp-600-x-400-ouverture-sur-le-dessus-cambro-80-litres\/","title":{"rendered":"Conteneur EPP 600 X 400 ouverture sur le dessus Cambro 80 litres"},"content":{"rendered":"<p>Unit\u00e9s de transport alimentaire l\u00e9g\u00e8res \u00e0 chargement par le haut avec poign\u00e9es ergonomiques, \u00e9vacuation de la condensation et espaces pour plaques eutectiques.<br \/>Poign\u00e9es ergonomiques et int\u00e9gr\u00e9es pour un transport facile. Les unit\u00e9s de transport GoBox \u00e0 chargement par le haut sont l\u00e9g\u00e8res et con\u00e7ues pour maintenir les aliments chauds ou froids hors de la zone de danger pendant plus de 4 heures. Con\u00e7ue avec suffisamment d&rsquo;espace pour transporter les caisses \u00e0 p\u00e2tisseries, ainsi que des plaques eutectiques froides Camchillers pour am\u00e9liorer le maintien de la temp\u00e9rature. Poign\u00e9es ergonomiques et int\u00e9gr\u00e9es pour un transport facile.<\/p>\n<p>Caract\u00e9ristiques :<br \/> Capacit\u00e9 : 80 L.<br \/> Dimensions : 370(H) x 490(L) x 690(P)mm.<br \/> Mati\u00e8re : Polypropyl\u00e8ne.<br \/> Temp\u00e9rature : -40 \u00b0C \u00e0 120 \u00b0C.<br \/> Couleur : Noir.<\/p>\n","protected":false},"excerpt":{"rendered":"<p>Conteneur EPP 600 X 400 ouverture sur le dessus Cambro 80 litres<\/p>\n","protected":false},"featured_media":96717,"comment_status":"closed","ping_status":"closed","template":"","meta":[],"product_brand":[],"product_cat":[1280,1064,1297,1074],"product_tag":[],"class_list":{"0":"post-67198","1":"product","2":"type-product","3":"status-publish","4":"has-post-thumbnail","6":"product_cat-conteneurs-alimentaires-et-bacs-gastronorme-cuisine","7":"product_cat-cuisine","8":"product_cat-non-palettisable","9":"product_cat-thermobox-et-sacs","10":"product_shipping_class-free-shipping","12":"first","13":"instock","14":"featured","15":"taxable","16":"shipping-taxable","17":"purchasable","18":"product-type-simple"},"_links":{"self":[{"href":"https:\/\/abinox-chr-clim.com\/index.php\/wp-json\/wp\/v2\/product\/67198","targetHints":{"allow":["GET"]}}],"collection":[{"href":"https:\/\/abinox-chr-clim.com\/index.php\/wp-json\/wp\/v2\/product"}],"about":[{"href":"https:\/\/abinox-chr-clim.com\/index.php\/wp-json\/wp\/v2\/types\/product"}],"replies":[{"embeddable":true,"href":"https:\/\/abinox-chr-clim.com\/index.php\/wp-json\/wp\/v2\/comments?post=67198"}],"wp:featuredmedia":[{"embeddable":true,"href":"https:\/\/abinox-chr-clim.com\/index.php\/wp-json\/wp\/v2\/media\/96717"}],"wp:attachment":[{"href":"https:\/\/abinox-chr-clim.com\/index.php\/wp-json\/wp\/v2\/media?parent=67198"}],"wp:term":[{"taxonomy":"product_brand","embeddable":true,"href":"https:\/\/abinox-chr-clim.com\/index.php\/wp-json\/wp\/v2\/product_brand?post=67198"},{"taxonomy":"product_cat","embeddable":true,"href":"https:\/\/abinox-chr-clim.com\/index.php\/wp-json\/wp\/v2\/product_cat?post=67198"},{"taxonomy":"product_tag","embeddable":true,"href":"https:\/\/abinox-chr-clim.com\/index.php\/wp-json\/wp\/v2\/product_tag?post=67198"}],"curies":[{"name":"wp","href":"https:\/\/api.w.org\/{rel}","templated":true}]}}