{"id":67175,"date":"2024-03-22T15:44:40","date_gmt":"2024-03-22T14:44:40","guid":{"rendered":"https:\/\/abinox-chr-clim.com\/index.php\/product\/conteneur-gn-1-1-thermo-future-thermobox-eco-21l\/"},"modified":"2026-04-24T08:55:11","modified_gmt":"2026-04-24T06:55:11","slug":"conteneur-gn-1-1-thermo-future-thermobox-eco-21l","status":"publish","type":"product","link":"https:\/\/abinox-chr-clim.com\/index.php\/product\/conteneur-gn-1-1-thermo-future-thermobox-eco-21l\/","title":{"rendered":"Conteneur GN 1\/1 Thermo Future Thermobox Eco 21L"},"content":{"rendered":"<p>Dimension GN 1\/1, avec poign\u00e9es ergonomiques pour la s\u00e9curit\u00e9 et le confort. Des plaques de refroidissement interm\u00e9diaires et sup\u00e9rieures (vendues s\u00e9par\u00e9ment) peuvent \u00eatre ins\u00e9r\u00e9es dans les thermobox pour conserver les aliments au frais encore plus longtemps. Plaque eutectique chaude \u00e9galement disponible, ins\u00e9rable dans DL989. Si la bo\u00eete est pleine elle perdra en moyenne 2 \u00e0 3\u00b0C par heure. En polypropyl\u00e8ne expans\u00e9.<br \/>Hygi\u00e9nique et lavable au lave-vaisselle. Excellente isolation de-40C \u00e0 +120 C.Poign\u00e9es ergonomiques pour un transport s\u00fbr et confortable. Coins renforc\u00e9s pour un empilement s\u00e9curis\u00e9. Lave-vaisselle conseill\u00e9 \u00e0 80\u00b0C. R\u00e9sistance thermique jusqu&rsquo;\u00e0 120 degr\u00e9s Celsius. Accepte les bacs GN de 65mm ou 100mm de profondeur. Dimensions: Internes- 117(H) x 538(L) x 337(P). Externes- 180(H) x 600(L) x 400(P)MM.Hygi\u00e9nique et lavable au lave-vaisselle.<\/p>\n<p>Caract\u00e9ristiques :<br \/> Capacit\u00e9 : 21L.<br \/> Dimensions : 180(H) x 600(L) x 400(P)mm.<br \/> Mati\u00e8re : Polypropyl\u00e8ne.<br \/> Temp\u00e9rature : -40 \u00b0C \u00e0 120 \u00b0C.<br \/> Couleur : Noir.<\/p>\n","protected":false},"excerpt":{"rendered":"<p>Conteneur GN 1\/1 Thermo Future Thermobox Eco 21L<\/p>\n","protected":false},"featured_media":92934,"comment_status":"closed","ping_status":"closed","template":"","meta":[],"product_brand":[],"product_cat":[1280,1064,1297,1074],"product_tag":[],"class_list":{"0":"post-67175","1":"product","2":"type-product","3":"status-publish","4":"has-post-thumbnail","6":"product_cat-conteneurs-alimentaires-et-bacs-gastronorme-cuisine","7":"product_cat-cuisine","8":"product_cat-non-palettisable","9":"product_cat-thermobox-et-sacs","10":"product_shipping_class-free-shipping","12":"first","13":"outofstock","14":"featured","15":"taxable","16":"shipping-taxable","17":"purchasable","18":"product-type-simple"},"_links":{"self":[{"href":"https:\/\/abinox-chr-clim.com\/index.php\/wp-json\/wp\/v2\/product\/67175","targetHints":{"allow":["GET"]}}],"collection":[{"href":"https:\/\/abinox-chr-clim.com\/index.php\/wp-json\/wp\/v2\/product"}],"about":[{"href":"https:\/\/abinox-chr-clim.com\/index.php\/wp-json\/wp\/v2\/types\/product"}],"replies":[{"embeddable":true,"href":"https:\/\/abinox-chr-clim.com\/index.php\/wp-json\/wp\/v2\/comments?post=67175"}],"wp:featuredmedia":[{"embeddable":true,"href":"https:\/\/abinox-chr-clim.com\/index.php\/wp-json\/wp\/v2\/media\/92934"}],"wp:attachment":[{"href":"https:\/\/abinox-chr-clim.com\/index.php\/wp-json\/wp\/v2\/media?parent=67175"}],"wp:term":[{"taxonomy":"product_brand","embeddable":true,"href":"https:\/\/abinox-chr-clim.com\/index.php\/wp-json\/wp\/v2\/product_brand?post=67175"},{"taxonomy":"product_cat","embeddable":true,"href":"https:\/\/abinox-chr-clim.com\/index.php\/wp-json\/wp\/v2\/product_cat?post=67175"},{"taxonomy":"product_tag","embeddable":true,"href":"https:\/\/abinox-chr-clim.com\/index.php\/wp-json\/wp\/v2\/product_tag?post=67175"}],"curies":[{"name":"wp","href":"https:\/\/api.w.org\/{rel}","templated":true}]}}