{"id":67160,"date":"2024-03-22T15:44:29","date_gmt":"2024-03-22T14:44:29","guid":{"rendered":"https:\/\/abinox-chr-clim.com\/index.php\/product\/chariot-ajustable-a-assiettes-cambro-serie-s-gris-mouchete\/"},"modified":"2026-04-24T10:28:55","modified_gmt":"2026-04-24T08:28:55","slug":"chariot-ajustable-a-assiettes-cambro-serie-s-gris-mouchete","status":"publish","type":"product","link":"https:\/\/abinox-chr-clim.com\/index.php\/product\/chariot-ajustable-a-assiettes-cambro-serie-s-gris-mouchete\/","title":{"rendered":"Chariot ajustable \u00e0 assiettes Cambro S\u00e9rie S gris mouchet\u00e9"},"content":{"rendered":"<p>Id\u00e9al pour la polyvalence du service \u00e0 table dans les grandes salles de banquet et les h\u00f4tels. Peut contenir des plats ronds et carr\u00e9s de 11,7 \u00e0 33 cm de diam\u00e8tre. Six colonnes facilement ajustables pouvant maintenir de 4 \u00e0 8 piles d&rsquo;assiettes selon leur taille. Empilez en toute s\u00e9curit\u00e9 jusqu&rsquo;\u00e0 60 assiettes de m\u00eame format ou de combiner des formats diff\u00e9rents. L&rsquo;essieu arri\u00e8re en acier plaqu\u00e9 de 2 cm permet une capacit\u00e9 de charge de 227 kg. Une tige de 1,27 cm de haut en bas du diviseur assure la stabilit\u00e9. Des poign\u00e9es ergonomiques moul\u00e9es \u00e0 chaque extr\u00e9mit\u00e9 facilitent les man\u0153uvres. Con\u00e7u \u00e0 partir de poly\u00e9thyl\u00e8ne tr\u00e8s r\u00e9sistant qui ne se fissure pas, ne s&rsquo;\u00e9caille pas et ne rouille pas. Comprend des roulettes avant pivotantes de 12,7 cm avec frein et des roues arri\u00e8re de 25,4 cm. Housse hygi\u00e9nique en vinyle comprise pour un stockage hygi\u00e9nique. Id\u00e9al pour la polyvalence du service \u00e0 table dans les grandes salles de banquet et les h\u00f4tels.<\/p>\n<p>Caract\u00e9ristiques :<br \/> Dimensions : 809,8(H) x 727,2(l) mm.<\/p>\n","protected":false},"excerpt":{"rendered":"<p>Chariot ajustable \u00e0 assiettes Cambro S\u00e9rie S gris mouchet\u00e9<\/p>\n","protected":false},"featured_media":83987,"comment_status":"closed","ping_status":"closed","template":"","meta":[],"product_brand":[],"product_cat":[1280,1064,1296,1074],"product_tag":[],"class_list":{"0":"post-67160","1":"product","2":"type-product","3":"status-publish","4":"has-post-thumbnail","6":"product_cat-conteneurs-alimentaires-et-bacs-gastronorme-cuisine","7":"product_cat-cuisine","8":"product_cat-palettisable","9":"product_cat-thermobox-et-sacs","11":"first","12":"outofstock","13":"featured","14":"taxable","15":"shipping-taxable","16":"purchasable","17":"product-type-simple"},"_links":{"self":[{"href":"https:\/\/abinox-chr-clim.com\/index.php\/wp-json\/wp\/v2\/product\/67160","targetHints":{"allow":["GET"]}}],"collection":[{"href":"https:\/\/abinox-chr-clim.com\/index.php\/wp-json\/wp\/v2\/product"}],"about":[{"href":"https:\/\/abinox-chr-clim.com\/index.php\/wp-json\/wp\/v2\/types\/product"}],"replies":[{"embeddable":true,"href":"https:\/\/abinox-chr-clim.com\/index.php\/wp-json\/wp\/v2\/comments?post=67160"}],"wp:featuredmedia":[{"embeddable":true,"href":"https:\/\/abinox-chr-clim.com\/index.php\/wp-json\/wp\/v2\/media\/83987"}],"wp:attachment":[{"href":"https:\/\/abinox-chr-clim.com\/index.php\/wp-json\/wp\/v2\/media?parent=67160"}],"wp:term":[{"taxonomy":"product_brand","embeddable":true,"href":"https:\/\/abinox-chr-clim.com\/index.php\/wp-json\/wp\/v2\/product_brand?post=67160"},{"taxonomy":"product_cat","embeddable":true,"href":"https:\/\/abinox-chr-clim.com\/index.php\/wp-json\/wp\/v2\/product_cat?post=67160"},{"taxonomy":"product_tag","embeddable":true,"href":"https:\/\/abinox-chr-clim.com\/index.php\/wp-json\/wp\/v2\/product_tag?post=67160"}],"curies":[{"name":"wp","href":"https:\/\/api.w.org\/{rel}","templated":true}]}}