{"id":66560,"date":"2024-03-22T15:24:57","date_gmt":"2024-03-22T14:24:57","guid":{"rendered":"https:\/\/abinox-chr-clim.com\/index.php\/product\/pelle-ronde-pour-gateau-ou-pizza-manche-polypropylene-vogue-300mm\/"},"modified":"2026-04-14T09:41:25","modified_gmt":"2026-04-14T07:41:25","slug":"pelle-ronde-pour-gateau-ou-pizza-manche-polypropylene-vogue-300mm","status":"publish","type":"product","link":"https:\/\/abinox-chr-clim.com\/index.php\/product\/pelle-ronde-pour-gateau-ou-pizza-manche-polypropylene-vogue-300mm\/","title":{"rendered":"Pelle ronde pour g\u00e2teau ou pizza manche polypropyl\u00e8ne Vogue 300mm"},"content":{"rendered":"<p>En acier inoxydable de haute qualit\u00e9 et dispose d&rsquo;un manche pour un maintien s\u00fbr lors de la manipulation. Un diam\u00e8tre de 30cm vous permet de soulever m\u00eame de grands g\u00e2teaux. Egalement adapt\u00e9e pour les pizzas. En acier inoxydable de haute qualit\u00e9 et dispose d&rsquo;un manche pour un maintien s\u00fbr lors de la manipulation.<\/p>\n<p>Caract\u00e9ristiques :<br \/> Dimensions : 30cm.<br \/> Mati\u00e8re : Acier inoxydable<\/p>\n","protected":false},"excerpt":{"rendered":"<p>Pelle ronde pour g\u00e2teau ou pizza manche polypropyl\u00e8ne Vogue 300mm<\/p>\n","protected":false},"featured_media":102077,"comment_status":"closed","ping_status":"closed","template":"","meta":[],"product_brand":[],"product_cat":[1065,1064,1067,1297],"product_tag":[],"class_list":{"0":"post-66560","1":"product","2":"type-product","3":"status-publish","4":"has-post-thumbnail","6":"product_cat-batterie-et-platerie-de-cuisine","7":"product_cat-cuisine","8":"product_cat-materiel-a-pizza","9":"product_cat-non-palettisable","10":"product_shipping_class-free-shipping","12":"first","13":"outofstock","14":"featured","15":"taxable","16":"shipping-taxable","17":"purchasable","18":"product-type-simple"},"_links":{"self":[{"href":"https:\/\/abinox-chr-clim.com\/index.php\/wp-json\/wp\/v2\/product\/66560","targetHints":{"allow":["GET"]}}],"collection":[{"href":"https:\/\/abinox-chr-clim.com\/index.php\/wp-json\/wp\/v2\/product"}],"about":[{"href":"https:\/\/abinox-chr-clim.com\/index.php\/wp-json\/wp\/v2\/types\/product"}],"replies":[{"embeddable":true,"href":"https:\/\/abinox-chr-clim.com\/index.php\/wp-json\/wp\/v2\/comments?post=66560"}],"wp:featuredmedia":[{"embeddable":true,"href":"https:\/\/abinox-chr-clim.com\/index.php\/wp-json\/wp\/v2\/media\/102077"}],"wp:attachment":[{"href":"https:\/\/abinox-chr-clim.com\/index.php\/wp-json\/wp\/v2\/media?parent=66560"}],"wp:term":[{"taxonomy":"product_brand","embeddable":true,"href":"https:\/\/abinox-chr-clim.com\/index.php\/wp-json\/wp\/v2\/product_brand?post=66560"},{"taxonomy":"product_cat","embeddable":true,"href":"https:\/\/abinox-chr-clim.com\/index.php\/wp-json\/wp\/v2\/product_cat?post=66560"},{"taxonomy":"product_tag","embeddable":true,"href":"https:\/\/abinox-chr-clim.com\/index.php\/wp-json\/wp\/v2\/product_tag?post=66560"}],"curies":[{"name":"wp","href":"https:\/\/api.w.org\/{rel}","templated":true}]}}