{"id":66406,"date":"2024-03-22T15:23:55","date_gmt":"2024-03-22T14:23:55","guid":{"rendered":"https:\/\/abinox-chr-clim.com\/index.php\/product\/faitout-excellence-matfer-bourgeat-183l\/"},"modified":"2026-04-02T08:58:45","modified_gmt":"2026-04-02T06:58:45","slug":"faitout-excellence-matfer-bourgeat-183l","status":"publish","type":"product","link":"https:\/\/abinox-chr-clim.com\/index.php\/product\/faitout-excellence-matfer-bourgeat-183l\/","title":{"rendered":"Faitout Excellence Matfer Bourgeat 18,3L"},"content":{"rendered":"<p>Acier inoxydable &#8211; compatible tous feux. Compatible lave-vaisselle. Manches et poign\u00e9es isolantes. Bord verseur renforc\u00e9. Poign\u00e9es soud\u00e9es incassables.Acier inoxydable &#8211; compatible tous feux.<\/p>\n<p>Caract\u00e9ristiques :<br \/> Capacit\u00e9 : 18,3 L.<br \/> Dimensions : 170(H) x 360(\u00d8) mm.<br \/> Mati\u00e8re : Inox<\/p>\n","protected":false},"excerpt":{"rendered":"<p>Faitout Excellence Matfer Bourgeat 18,3L<\/p>\n","protected":false},"featured_media":103466,"comment_status":"closed","ping_status":"closed","template":"","meta":[],"product_brand":[],"product_cat":[1065,1064,1066,1297],"product_tag":[],"class_list":{"0":"post-66406","1":"product","2":"type-product","3":"status-publish","4":"has-post-thumbnail","6":"product_cat-batterie-et-platerie-de-cuisine","7":"product_cat-cuisine","8":"product_cat-marmites-et-casseroles","9":"product_cat-non-palettisable","10":"product_shipping_class-free-shipping","12":"first","13":"instock","14":"featured","15":"taxable","16":"shipping-taxable","17":"purchasable","18":"product-type-simple"},"_links":{"self":[{"href":"https:\/\/abinox-chr-clim.com\/index.php\/wp-json\/wp\/v2\/product\/66406","targetHints":{"allow":["GET"]}}],"collection":[{"href":"https:\/\/abinox-chr-clim.com\/index.php\/wp-json\/wp\/v2\/product"}],"about":[{"href":"https:\/\/abinox-chr-clim.com\/index.php\/wp-json\/wp\/v2\/types\/product"}],"replies":[{"embeddable":true,"href":"https:\/\/abinox-chr-clim.com\/index.php\/wp-json\/wp\/v2\/comments?post=66406"}],"wp:featuredmedia":[{"embeddable":true,"href":"https:\/\/abinox-chr-clim.com\/index.php\/wp-json\/wp\/v2\/media\/103466"}],"wp:attachment":[{"href":"https:\/\/abinox-chr-clim.com\/index.php\/wp-json\/wp\/v2\/media?parent=66406"}],"wp:term":[{"taxonomy":"product_brand","embeddable":true,"href":"https:\/\/abinox-chr-clim.com\/index.php\/wp-json\/wp\/v2\/product_brand?post=66406"},{"taxonomy":"product_cat","embeddable":true,"href":"https:\/\/abinox-chr-clim.com\/index.php\/wp-json\/wp\/v2\/product_cat?post=66406"},{"taxonomy":"product_tag","embeddable":true,"href":"https:\/\/abinox-chr-clim.com\/index.php\/wp-json\/wp\/v2\/product_tag?post=66406"}],"curies":[{"name":"wp","href":"https:\/\/api.w.org\/{rel}","templated":true}]}}