{"id":66362,"date":"2024-03-22T15:23:37","date_gmt":"2024-03-22T14:23:37","guid":{"rendered":"https:\/\/abinox-chr-clim.com\/index.php\/product\/wok-en-acier-doux-vogue-33-cm\/"},"modified":"2026-04-20T09:12:16","modified_gmt":"2026-04-20T07:12:16","slug":"wok-en-acier-doux-vogue-33-cm","status":"publish","type":"product","link":"https:\/\/abinox-chr-clim.com\/index.php\/product\/wok-en-acier-doux-vogue-33-cm\/","title":{"rendered":"Wok en acier doux Vogue 33 cm"},"content":{"rendered":"<p>Cuisinez de d\u00e9licieux saut\u00e9s en toute simplicit\u00e9. Dispose d&rsquo;un design rustique avec manche en bois pour pr\u00e9server les mains de la chaleur.<br \/>Culottage n\u00e9cessaire avant utilisation. L&rsquo;acier conduit la chaleur uniform\u00e9ment. Non compatible lave-vaisselle. Non recommand\u00e9 pour l&rsquo;induction.La base plate permet d&rsquo;accueillir plus d&rsquo;ingr\u00e9dients. Aspect rustique id\u00e9al pour la cuisine en salle.  Culottage n\u00e9cessaire avant utilisation.<\/p>\n<p>Caract\u00e9ristiques :<br \/> Dimensions : 330(\u00d8) mm.<br \/> Mati\u00e8re : Acier doux<\/p>\n","protected":false},"excerpt":{"rendered":"<p>Wok en acier doux Vogue 33 cm<\/p>\n","protected":false},"featured_media":104436,"comment_status":"closed","ping_status":"closed","template":"","meta":[],"product_brand":[],"product_cat":[1065,1064,1066,1297],"product_tag":[],"class_list":{"0":"post-66362","1":"product","2":"type-product","3":"status-publish","4":"has-post-thumbnail","6":"product_cat-batterie-et-platerie-de-cuisine","7":"product_cat-cuisine","8":"product_cat-marmites-et-casseroles","9":"product_cat-non-palettisable","10":"product_shipping_class-free-shipping","12":"first","13":"instock","14":"featured","15":"taxable","16":"shipping-taxable","17":"purchasable","18":"product-type-simple"},"_links":{"self":[{"href":"https:\/\/abinox-chr-clim.com\/index.php\/wp-json\/wp\/v2\/product\/66362","targetHints":{"allow":["GET"]}}],"collection":[{"href":"https:\/\/abinox-chr-clim.com\/index.php\/wp-json\/wp\/v2\/product"}],"about":[{"href":"https:\/\/abinox-chr-clim.com\/index.php\/wp-json\/wp\/v2\/types\/product"}],"replies":[{"embeddable":true,"href":"https:\/\/abinox-chr-clim.com\/index.php\/wp-json\/wp\/v2\/comments?post=66362"}],"wp:featuredmedia":[{"embeddable":true,"href":"https:\/\/abinox-chr-clim.com\/index.php\/wp-json\/wp\/v2\/media\/104436"}],"wp:attachment":[{"href":"https:\/\/abinox-chr-clim.com\/index.php\/wp-json\/wp\/v2\/media?parent=66362"}],"wp:term":[{"taxonomy":"product_brand","embeddable":true,"href":"https:\/\/abinox-chr-clim.com\/index.php\/wp-json\/wp\/v2\/product_brand?post=66362"},{"taxonomy":"product_cat","embeddable":true,"href":"https:\/\/abinox-chr-clim.com\/index.php\/wp-json\/wp\/v2\/product_cat?post=66362"},{"taxonomy":"product_tag","embeddable":true,"href":"https:\/\/abinox-chr-clim.com\/index.php\/wp-json\/wp\/v2\/product_tag?post=66362"}],"curies":[{"name":"wp","href":"https:\/\/api.w.org\/{rel}","templated":true}]}}