{"id":66243,"date":"2024-03-22T15:22:54","date_gmt":"2024-03-22T14:22:54","guid":{"rendered":"https:\/\/abinox-chr-clim.com\/index.php\/product\/poele-a-crepes-antiadhesive-vogue-teflon-platinum-plus-300mm\/"},"modified":"2026-04-11T09:36:16","modified_gmt":"2026-04-11T07:36:16","slug":"poele-a-crepes-antiadhesive-vogue-teflon-platinum-plus-300mm","status":"publish","type":"product","link":"https:\/\/abinox-chr-clim.com\/index.php\/product\/poele-a-crepes-antiadhesive-vogue-teflon-platinum-plus-300mm\/","title":{"rendered":"Po\u00eale \u00e0 cr\u00eapes antiadh\u00e9sive Vogue teflon platinum plus 300mm"},"content":{"rendered":"<p>Pour les cr\u00eapes et les galettes.<br \/>Rev\u00eatement antiadh\u00e9sif Teflon Platinum plus. La longueur de 300 mm permet de garder les mains \u00e9loign\u00e9es de la po\u00eale. Crochet sur le manche pour un rangement facile. Durable et facile \u00e0 nettoyer. Rev\u00eatement antiadh\u00e9sif Teflon Platinum plus.<\/p>\n<p>Caract\u00e9ristiques :<br \/> Dimensions : 30(H) x 300(\u00d8) mm.<br \/> Mati\u00e8re : Aluminium anodis\u00e9.<br \/> Couleur : Noir et argent.<\/p>\n","protected":false},"excerpt":{"rendered":"<p>Po\u00eale \u00e0 cr\u00eapes antiadh\u00e9sive Vogue teflon platinum plus 300mm<\/p>\n","protected":false},"featured_media":85207,"comment_status":"closed","ping_status":"closed","template":"","meta":[],"product_brand":[],"product_cat":[1065,1064,1066,1297],"product_tag":[],"class_list":{"0":"post-66243","1":"product","2":"type-product","3":"status-publish","4":"has-post-thumbnail","6":"product_cat-batterie-et-platerie-de-cuisine","7":"product_cat-cuisine","8":"product_cat-marmites-et-casseroles","9":"product_cat-non-palettisable","10":"product_shipping_class-free-shipping","12":"first","13":"outofstock","14":"featured","15":"taxable","16":"shipping-taxable","17":"purchasable","18":"product-type-simple"},"_links":{"self":[{"href":"https:\/\/abinox-chr-clim.com\/index.php\/wp-json\/wp\/v2\/product\/66243","targetHints":{"allow":["GET"]}}],"collection":[{"href":"https:\/\/abinox-chr-clim.com\/index.php\/wp-json\/wp\/v2\/product"}],"about":[{"href":"https:\/\/abinox-chr-clim.com\/index.php\/wp-json\/wp\/v2\/types\/product"}],"replies":[{"embeddable":true,"href":"https:\/\/abinox-chr-clim.com\/index.php\/wp-json\/wp\/v2\/comments?post=66243"}],"wp:featuredmedia":[{"embeddable":true,"href":"https:\/\/abinox-chr-clim.com\/index.php\/wp-json\/wp\/v2\/media\/85207"}],"wp:attachment":[{"href":"https:\/\/abinox-chr-clim.com\/index.php\/wp-json\/wp\/v2\/media?parent=66243"}],"wp:term":[{"taxonomy":"product_brand","embeddable":true,"href":"https:\/\/abinox-chr-clim.com\/index.php\/wp-json\/wp\/v2\/product_brand?post=66243"},{"taxonomy":"product_cat","embeddable":true,"href":"https:\/\/abinox-chr-clim.com\/index.php\/wp-json\/wp\/v2\/product_cat?post=66243"},{"taxonomy":"product_tag","embeddable":true,"href":"https:\/\/abinox-chr-clim.com\/index.php\/wp-json\/wp\/v2\/product_tag?post=66243"}],"curies":[{"name":"wp","href":"https:\/\/api.w.org\/{rel}","templated":true}]}}