{"id":66223,"date":"2024-03-22T15:22:49","date_gmt":"2024-03-22T14:22:49","guid":{"rendered":"https:\/\/abinox-chr-clim.com\/index.php\/product\/batterie-de-cuisine-induction-en-inox-5-pieces-vogue-cook-like-a-pro\/"},"modified":"2026-04-23T09:57:53","modified_gmt":"2026-04-23T07:57:53","slug":"batterie-de-cuisine-induction-en-inox-5-pieces-vogue-cook-like-a-pro","status":"publish","type":"product","link":"https:\/\/abinox-chr-clim.com\/index.php\/product\/batterie-de-cuisine-induction-en-inox-5-pieces-vogue-cook-like-a-pro\/","title":{"rendered":"Batterie de cuisine induction en inox 5 pi\u00e8ces Vogue Cook Like A Pro"},"content":{"rendered":"<p>Contient : 1 casserole et couvercle Vogue en acier inoxydable \u00e0 induction de 900 ml (M922 et M927), 1 casserole et couvercle de 1,5 litre (M943 et M948), 1 casserole et couvercle de 3 litres (M944 et M949), 1 faitout et couvercle de 7 litres (M940 et M950) et 1 po\u00eale antiadh\u00e9sive de 240(\u00d8)mm (FC096). Le fond en aluminium assure une chauffe rapide et uniforme. Le corps en acier inoxydable rend les ustensiles de cuisson tr\u00e8s durables. Le rev\u00eatement Teflon Platinum Plus de la po\u00eale garantit une cuisson non andh\u00e9rente. Le rev\u00eatement antiadh\u00e9sif de la po\u00eale facilite le nettoyage. Les poign\u00e9es restent froides pour prot\u00e9ger les mains de la chaleur. Les trous de suspension permettent un rangement peu encombrant. Les ustensiles vont au lave-vaisselle pour un nettoyage facile. Adapt\u00e9s \u00e0 toutes les surfaces de cuisson, y compris l&rsquo;induction. Le corps en acier inoxydable offre une excellente r\u00e9tention de la chaleur, id\u00e9al pour une cuisson prolong\u00e9e. Contient : 1 casserole et couvercle Vogue en acier inoxydable \u00e0 induction de 900 ml (M922 et M927), 1 casserole et couvercle de 1,5 litre (M943 et M948), 1 casserole et couvercle de 3 litres (M944 et M949), 1 faitout et couvercle de 7 litres (M940 et M950) et 1 po\u00eale antiadh\u00e9sive de 240(\u00d8)mm (FC096).<\/p>\n","protected":false},"excerpt":{"rendered":"<p>Batterie de cuisine induction en inox 5 pi\u00e8ces Vogue Cook Like A Pro<\/p>\n","protected":false},"featured_media":99691,"comment_status":"closed","ping_status":"closed","template":"","meta":[],"product_brand":[],"product_cat":[1065,1064,1297],"product_tag":[],"class_list":{"0":"post-66223","1":"product","2":"type-product","3":"status-publish","4":"has-post-thumbnail","6":"product_cat-batterie-et-platerie-de-cuisine","7":"product_cat-cuisine","8":"product_cat-non-palettisable","9":"product_shipping_class-free-shipping","11":"first","12":"instock","13":"featured","14":"taxable","15":"shipping-taxable","16":"purchasable","17":"product-type-simple"},"_links":{"self":[{"href":"https:\/\/abinox-chr-clim.com\/index.php\/wp-json\/wp\/v2\/product\/66223","targetHints":{"allow":["GET"]}}],"collection":[{"href":"https:\/\/abinox-chr-clim.com\/index.php\/wp-json\/wp\/v2\/product"}],"about":[{"href":"https:\/\/abinox-chr-clim.com\/index.php\/wp-json\/wp\/v2\/types\/product"}],"replies":[{"embeddable":true,"href":"https:\/\/abinox-chr-clim.com\/index.php\/wp-json\/wp\/v2\/comments?post=66223"}],"wp:featuredmedia":[{"embeddable":true,"href":"https:\/\/abinox-chr-clim.com\/index.php\/wp-json\/wp\/v2\/media\/99691"}],"wp:attachment":[{"href":"https:\/\/abinox-chr-clim.com\/index.php\/wp-json\/wp\/v2\/media?parent=66223"}],"wp:term":[{"taxonomy":"product_brand","embeddable":true,"href":"https:\/\/abinox-chr-clim.com\/index.php\/wp-json\/wp\/v2\/product_brand?post=66223"},{"taxonomy":"product_cat","embeddable":true,"href":"https:\/\/abinox-chr-clim.com\/index.php\/wp-json\/wp\/v2\/product_cat?post=66223"},{"taxonomy":"product_tag","embeddable":true,"href":"https:\/\/abinox-chr-clim.com\/index.php\/wp-json\/wp\/v2\/product_tag?post=66223"}],"curies":[{"name":"wp","href":"https:\/\/api.w.org\/{rel}","templated":true}]}}