{"id":66216,"date":"2024-03-22T15:04:35","date_gmt":"2024-03-22T14:04:35","guid":{"rendered":"https:\/\/abinox-chr-clim.com\/index.php\/product\/verres-a-biere-hauts-utopia-cin-cin-410-ml-lot-de-12\/"},"modified":"2026-03-16T12:33:29","modified_gmt":"2026-03-16T11:33:29","slug":"verres-a-biere-hauts-utopia-cin-cin-410-ml-lot-de-12","status":"publish","type":"product","link":"https:\/\/abinox-chr-clim.com\/index.php\/product\/verres-a-biere-hauts-utopia-cin-cin-410-ml-lot-de-12\/","title":{"rendered":"Verres \u00e0 bi\u00e8re hauts Utopia Cin Cin 410 ml (lot de 12)"},"content":{"rendered":"<p>Design \u00e9voquant un style continental. Base robuste stable. Id\u00e9al pour servir une multitude de boissons, des bi\u00e8res en bouteille \u00e0 l&rsquo;eau. Une gamme \u00e0 faible teneur en chaux sod\u00e9e, un choix efficace et \u00e9l\u00e9gant.<br \/>Style continental. Id\u00e9al pour servir de la bi\u00e8re, du jus ou de l&rsquo;eau en bouteille. Pratique et \u00e9l\u00e9gant. Base robuste. Lave-vaisselle. De la marque sp\u00e9cialis\u00e9e en arts de la table Utopia.  Style continental.<\/p>\n<p>Caract\u00e9ristiques :<br \/>Lot : 12.<br \/> Capacit\u00e9 : 41 cl.<br \/> Dimensions : 235(H) x 74(\u00d8) mm.<br \/> Mati\u00e8re : Verre.<br \/> Couleur : Transparent.<\/p>\n","protected":false},"excerpt":{"rendered":"<p>Verres \u00e0 bi\u00e8re hauts Utopia Cin Cin 410 ml (lot de 12)<\/p>\n","protected":false},"featured_media":103683,"comment_status":"closed","ping_status":"closed","template":"","meta":[],"product_brand":[],"product_cat":[1023,1297,1051,1063],"product_tag":[],"class_list":{"0":"post-66216","1":"product","2":"type-product","3":"status-publish","4":"has-post-thumbnail","6":"product_cat-art-de-la-table","7":"product_cat-non-palettisable","8":"product_cat-verrerie","9":"product_cat-vin","10":"product_shipping_class-free-shipping","12":"first","13":"outofstock","14":"featured","15":"taxable","16":"shipping-taxable","17":"purchasable","18":"product-type-simple"},"_links":{"self":[{"href":"https:\/\/abinox-chr-clim.com\/index.php\/wp-json\/wp\/v2\/product\/66216","targetHints":{"allow":["GET"]}}],"collection":[{"href":"https:\/\/abinox-chr-clim.com\/index.php\/wp-json\/wp\/v2\/product"}],"about":[{"href":"https:\/\/abinox-chr-clim.com\/index.php\/wp-json\/wp\/v2\/types\/product"}],"replies":[{"embeddable":true,"href":"https:\/\/abinox-chr-clim.com\/index.php\/wp-json\/wp\/v2\/comments?post=66216"}],"wp:featuredmedia":[{"embeddable":true,"href":"https:\/\/abinox-chr-clim.com\/index.php\/wp-json\/wp\/v2\/media\/103683"}],"wp:attachment":[{"href":"https:\/\/abinox-chr-clim.com\/index.php\/wp-json\/wp\/v2\/media?parent=66216"}],"wp:term":[{"taxonomy":"product_brand","embeddable":true,"href":"https:\/\/abinox-chr-clim.com\/index.php\/wp-json\/wp\/v2\/product_brand?post=66216"},{"taxonomy":"product_cat","embeddable":true,"href":"https:\/\/abinox-chr-clim.com\/index.php\/wp-json\/wp\/v2\/product_cat?post=66216"},{"taxonomy":"product_tag","embeddable":true,"href":"https:\/\/abinox-chr-clim.com\/index.php\/wp-json\/wp\/v2\/product_tag?post=66216"}],"curies":[{"name":"wp","href":"https:\/\/api.w.org\/{rel}","templated":true}]}}