{"id":66210,"date":"2024-03-22T15:04:33","date_gmt":"2024-03-22T14:04:33","guid":{"rendered":"https:\/\/abinox-chr-clim.com\/index.php\/product\/verre-a-vin-en-cristal-chime-olympia-495ml-lot-de-6\/"},"modified":"2026-04-23T08:30:37","modified_gmt":"2026-04-23T06:30:37","slug":"verre-a-vin-en-cristal-chime-olympia-495ml-lot-de-6","status":"publish","type":"product","link":"https:\/\/abinox-chr-clim.com\/index.php\/product\/verre-a-vin-en-cristal-chime-olympia-495ml-lot-de-6\/","title":{"rendered":"Verre \u00e0 vin en cristal Chime Olympia 495ml (Lot de 6)"},"content":{"rendered":"<p>Verrerie contemporaine id\u00e9ale pour les restaurants, bars et pubs. Durable et attrayante, en cristal sans plomb. Lavable au lave-verres.<br \/>Le large r\u00e9cipient maximise la surface pour a\u00e9rer compl\u00e8tement le vin. La tige longue et \u00e9l\u00e9gante \u00e9loigne la main du verre. Lavable au lave-vaisselle pour un nettoyage rapide et facile. La base large permet d&rsquo;\u00e9viter les chocs et les renversements. Le rebord fin emprisonne les ar\u00f4mes pour une meilleure saveur. Le cristal sans plomb offre une excellente clart\u00e9 et un aspect de qualit\u00e9 sup\u00e9rieure. Le bord roul\u00e9 permet d&rsquo;\u00e9viter les \u00e9clats et les fissures.Le large r\u00e9cipient maximise la surface pour a\u00e9rer compl\u00e8tement le vin.<\/p>\n<p>Caract\u00e9ristiques :<br \/>Lot : 6.<br \/> Capacit\u00e9 : 495ml.<br \/> Dimensions : 225(H)x 90(\u00d8)mm.<br \/> Mati\u00e8re : Cristal.<br \/> Couleur : Transparent.<\/p>\n","protected":false},"excerpt":{"rendered":"<p>Verre \u00e0 vin en cristal Chime Olympia 495ml (Lot de 6)<\/p>\n","protected":false},"featured_media":101488,"comment_status":"closed","ping_status":"closed","template":"","meta":[],"product_brand":[],"product_cat":[1023,1297,1051,1063],"product_tag":[],"class_list":{"0":"post-66210","1":"product","2":"type-product","3":"status-publish","4":"has-post-thumbnail","6":"product_cat-art-de-la-table","7":"product_cat-non-palettisable","8":"product_cat-verrerie","9":"product_cat-vin","10":"product_shipping_class-free-shipping","12":"first","13":"outofstock","14":"featured","15":"taxable","16":"shipping-taxable","17":"purchasable","18":"product-type-simple"},"_links":{"self":[{"href":"https:\/\/abinox-chr-clim.com\/index.php\/wp-json\/wp\/v2\/product\/66210","targetHints":{"allow":["GET"]}}],"collection":[{"href":"https:\/\/abinox-chr-clim.com\/index.php\/wp-json\/wp\/v2\/product"}],"about":[{"href":"https:\/\/abinox-chr-clim.com\/index.php\/wp-json\/wp\/v2\/types\/product"}],"replies":[{"embeddable":true,"href":"https:\/\/abinox-chr-clim.com\/index.php\/wp-json\/wp\/v2\/comments?post=66210"}],"wp:featuredmedia":[{"embeddable":true,"href":"https:\/\/abinox-chr-clim.com\/index.php\/wp-json\/wp\/v2\/media\/101488"}],"wp:attachment":[{"href":"https:\/\/abinox-chr-clim.com\/index.php\/wp-json\/wp\/v2\/media?parent=66210"}],"wp:term":[{"taxonomy":"product_brand","embeddable":true,"href":"https:\/\/abinox-chr-clim.com\/index.php\/wp-json\/wp\/v2\/product_brand?post=66210"},{"taxonomy":"product_cat","embeddable":true,"href":"https:\/\/abinox-chr-clim.com\/index.php\/wp-json\/wp\/v2\/product_cat?post=66210"},{"taxonomy":"product_tag","embeddable":true,"href":"https:\/\/abinox-chr-clim.com\/index.php\/wp-json\/wp\/v2\/product_tag?post=66210"}],"curies":[{"name":"wp","href":"https:\/\/api.w.org\/{rel}","templated":true}]}}