{"id":66125,"date":"2024-03-22T15:03:59","date_gmt":"2024-03-22T14:03:59","guid":{"rendered":"https:\/\/abinox-chr-clim.com\/index.php\/product\/shooters-utopia-25-ml-ce-lot-de-25\/"},"modified":"2026-04-02T08:35:25","modified_gmt":"2026-04-02T06:35:25","slug":"shooters-utopia-25-ml-ce-lot-de-25","status":"publish","type":"product","link":"https:\/\/abinox-chr-clim.com\/index.php\/product\/shooters-utopia-25-ml-ce-lot-de-25\/","title":{"rendered":"Shooters Utopia 25 ml CE (lot de 25)"},"content":{"rendered":"<p>Verres sp\u00e9ciaux pour le service des diff\u00e9rentes liqueurs. L&rsquo;option de les remplir \u00e0 ras bord vous permettra d&rsquo;\u00e9viter le gaspillage et ainsi augmenter vos profits. Ces verres sp\u00e9ciaux sont \u00e9galement marqu\u00e9s \u00e0 25ml. Lavable au lave-verres.<br \/>Passe au lave-verre. Marquage CE.  Poids par pi\u00e8ce : 18,5 g. Passe au lave-verre.<\/p>\n<p>Caract\u00e9ristiques :<br \/>Lot : 25.<br \/> Capacit\u00e9 : 25ml.<br \/> Dimensions : 77(H)x 37(\u00d8)mm.<br \/> Mati\u00e8re : Verre.<br \/> Couleur : Transparent.<\/p>\n","protected":false},"excerpt":{"rendered":"<p>Shooters Utopia 25 ml CE (lot de 25)<\/p>\n","protected":false},"featured_media":82983,"comment_status":"closed","ping_status":"closed","template":"","meta":[],"product_brand":[],"product_cat":[1023,1297,1062,1051],"product_tag":[],"class_list":{"0":"post-66125","1":"product","2":"type-product","3":"status-publish","4":"has-post-thumbnail","6":"product_cat-art-de-la-table","7":"product_cat-non-palettisable","8":"product_cat-shooters-et-cocktails","9":"product_cat-verrerie","10":"product_shipping_class-free-shipping","12":"first","13":"outofstock","14":"featured","15":"taxable","16":"shipping-taxable","17":"purchasable","18":"product-type-simple"},"_links":{"self":[{"href":"https:\/\/abinox-chr-clim.com\/index.php\/wp-json\/wp\/v2\/product\/66125","targetHints":{"allow":["GET"]}}],"collection":[{"href":"https:\/\/abinox-chr-clim.com\/index.php\/wp-json\/wp\/v2\/product"}],"about":[{"href":"https:\/\/abinox-chr-clim.com\/index.php\/wp-json\/wp\/v2\/types\/product"}],"replies":[{"embeddable":true,"href":"https:\/\/abinox-chr-clim.com\/index.php\/wp-json\/wp\/v2\/comments?post=66125"}],"wp:featuredmedia":[{"embeddable":true,"href":"https:\/\/abinox-chr-clim.com\/index.php\/wp-json\/wp\/v2\/media\/82983"}],"wp:attachment":[{"href":"https:\/\/abinox-chr-clim.com\/index.php\/wp-json\/wp\/v2\/media?parent=66125"}],"wp:term":[{"taxonomy":"product_brand","embeddable":true,"href":"https:\/\/abinox-chr-clim.com\/index.php\/wp-json\/wp\/v2\/product_brand?post=66125"},{"taxonomy":"product_cat","embeddable":true,"href":"https:\/\/abinox-chr-clim.com\/index.php\/wp-json\/wp\/v2\/product_cat?post=66125"},{"taxonomy":"product_tag","embeddable":true,"href":"https:\/\/abinox-chr-clim.com\/index.php\/wp-json\/wp\/v2\/product_tag?post=66125"}],"curies":[{"name":"wp","href":"https:\/\/api.w.org\/{rel}","templated":true}]}}