{"id":66085,"date":"2024-03-22T15:03:42","date_gmt":"2024-03-22T14:03:42","guid":{"rendered":"https:\/\/abinox-chr-clim.com\/index.php\/product\/pichet-isotherme-torsade-olympia-noir-05-l\/"},"modified":"2026-03-16T12:26:06","modified_gmt":"2026-03-16T11:26:06","slug":"pichet-isotherme-torsade-olympia-noir-05-l","status":"publish","type":"product","link":"https:\/\/abinox-chr-clim.com\/index.php\/product\/pichet-isotherme-torsade-olympia-noir-05-l\/","title":{"rendered":"Pichet isotherme torsad\u00e9 Olympia noir 0,5 L"},"content":{"rendered":"<p>Le m\u00e9canisme simple consistant \u00e0 incliner et verser le rend parfait pour la table ou le self-service.<br \/>Le polypropyl\u00e8ne \u00e9pais poss\u00e8de d&rsquo;excellentes propri\u00e9t\u00e9s d&rsquo;isolation. La poign\u00e9e ergonomique permet un transport facile et confortable. Couvercle actionn\u00e9 avec le pouce pour une distribution rapide et facile. La couleur blanche offre un style \u00e9l\u00e9gant et audacieux. La conception torsad\u00e9e offre un style unique. Le bec permet un versement contr\u00f4l\u00e9. Convient aux boissons chaudes et froides. Clips d&rsquo;identification \u00e0 code couleur inclus\u00a0; marron \u00bf caf\u00e9, vert \u00bf th\u00e9, orange \u00bf d\u00e9caf\u00e9in\u00e9.Le polypropyl\u00e8ne \u00e9pais poss\u00e8de d&rsquo;excellentes propri\u00e9t\u00e9s d&rsquo;isolation.<\/p>\n<p>Caract\u00e9ristiques :<br \/> Dimensions : 205.<br \/> Mati\u00e8re : Polypropyl\u00e8ne.<br \/> Couleur : Noir.<\/p>\n","protected":false},"excerpt":{"rendered":"<p>Pichet isotherme torsad\u00e9 Olympia noir 0,5 L<\/p>\n","protected":false},"featured_media":83546,"comment_status":"closed","ping_status":"closed","template":"","meta":[],"product_brand":[],"product_cat":[1023,1297,1059,1051],"product_tag":[],"class_list":{"0":"post-66085","1":"product","2":"type-product","3":"status-publish","4":"has-post-thumbnail","6":"product_cat-art-de-la-table","7":"product_cat-non-palettisable","8":"product_cat-pichets-et-carafes","9":"product_cat-verrerie","10":"product_shipping_class-free-shipping","12":"first","13":"outofstock","14":"featured","15":"taxable","16":"shipping-taxable","17":"purchasable","18":"product-type-simple"},"_links":{"self":[{"href":"https:\/\/abinox-chr-clim.com\/index.php\/wp-json\/wp\/v2\/product\/66085","targetHints":{"allow":["GET"]}}],"collection":[{"href":"https:\/\/abinox-chr-clim.com\/index.php\/wp-json\/wp\/v2\/product"}],"about":[{"href":"https:\/\/abinox-chr-clim.com\/index.php\/wp-json\/wp\/v2\/types\/product"}],"replies":[{"embeddable":true,"href":"https:\/\/abinox-chr-clim.com\/index.php\/wp-json\/wp\/v2\/comments?post=66085"}],"wp:featuredmedia":[{"embeddable":true,"href":"https:\/\/abinox-chr-clim.com\/index.php\/wp-json\/wp\/v2\/media\/83546"}],"wp:attachment":[{"href":"https:\/\/abinox-chr-clim.com\/index.php\/wp-json\/wp\/v2\/media?parent=66085"}],"wp:term":[{"taxonomy":"product_brand","embeddable":true,"href":"https:\/\/abinox-chr-clim.com\/index.php\/wp-json\/wp\/v2\/product_brand?post=66085"},{"taxonomy":"product_cat","embeddable":true,"href":"https:\/\/abinox-chr-clim.com\/index.php\/wp-json\/wp\/v2\/product_cat?post=66085"},{"taxonomy":"product_tag","embeddable":true,"href":"https:\/\/abinox-chr-clim.com\/index.php\/wp-json\/wp\/v2\/product_tag?post=66085"}],"curies":[{"name":"wp","href":"https:\/\/api.w.org\/{rel}","templated":true}]}}