{"id":65847,"date":"2024-03-22T15:02:09","date_gmt":"2024-03-22T14:02:09","guid":{"rendered":"https:\/\/abinox-chr-clim.com\/index.php\/product\/chopes-a-biere-utopia-660-ml-lot-de-12\/"},"modified":"2026-04-02T10:02:10","modified_gmt":"2026-04-02T08:02:10","slug":"chopes-a-biere-utopia-660-ml-lot-de-12","status":"publish","type":"product","link":"https:\/\/abinox-chr-clim.com\/index.php\/product\/chopes-a-biere-utopia-660-ml-lot-de-12\/","title":{"rendered":"Chopes \u00e0 bi\u00e8re Utopia 660 ml (lot de 12)"},"content":{"rendered":"<p>Verres \u00e0 bi\u00e8re de style traditionnel, parfaits pour tous les types de bi\u00e8res.<br \/>Robuste et solide. Parfait pour tous types de bi\u00e8res. Style classique et traditionnel. Compatible lave-vaisselle. De la marque sp\u00e9cialiste des arts de la table Utopia.  Robuste et solide.<\/p>\n<p>Caract\u00e9ristiques :<br \/>Lot : 12.<br \/> Capacit\u00e9 : 66 cl.<br \/> Dimensions : 150(H) x 102(\u00d8) mm.<br \/> Mati\u00e8re : Verre.<br \/> Couleur : Transparent.<\/p>\n","protected":false},"excerpt":{"rendered":"<p>Chopes \u00e0 bi\u00e8re Utopia 660 ml (lot de 12)<\/p>\n","protected":false},"featured_media":87126,"comment_status":"closed","ping_status":"closed","template":"","meta":[],"product_brand":[],"product_cat":[1023,1052,1297,1051],"product_tag":[],"class_list":{"0":"post-65847","1":"product","2":"type-product","3":"status-publish","4":"has-post-thumbnail","6":"product_cat-art-de-la-table","7":"product_cat-biere","8":"product_cat-non-palettisable","9":"product_cat-verrerie","10":"product_shipping_class-free-shipping","12":"first","13":"outofstock","14":"featured","15":"taxable","16":"shipping-taxable","17":"purchasable","18":"product-type-simple"},"_links":{"self":[{"href":"https:\/\/abinox-chr-clim.com\/index.php\/wp-json\/wp\/v2\/product\/65847","targetHints":{"allow":["GET"]}}],"collection":[{"href":"https:\/\/abinox-chr-clim.com\/index.php\/wp-json\/wp\/v2\/product"}],"about":[{"href":"https:\/\/abinox-chr-clim.com\/index.php\/wp-json\/wp\/v2\/types\/product"}],"replies":[{"embeddable":true,"href":"https:\/\/abinox-chr-clim.com\/index.php\/wp-json\/wp\/v2\/comments?post=65847"}],"wp:featuredmedia":[{"embeddable":true,"href":"https:\/\/abinox-chr-clim.com\/index.php\/wp-json\/wp\/v2\/media\/87126"}],"wp:attachment":[{"href":"https:\/\/abinox-chr-clim.com\/index.php\/wp-json\/wp\/v2\/media?parent=65847"}],"wp:term":[{"taxonomy":"product_brand","embeddable":true,"href":"https:\/\/abinox-chr-clim.com\/index.php\/wp-json\/wp\/v2\/product_brand?post=65847"},{"taxonomy":"product_cat","embeddable":true,"href":"https:\/\/abinox-chr-clim.com\/index.php\/wp-json\/wp\/v2\/product_cat?post=65847"},{"taxonomy":"product_tag","embeddable":true,"href":"https:\/\/abinox-chr-clim.com\/index.php\/wp-json\/wp\/v2\/product_tag?post=65847"}],"curies":[{"name":"wp","href":"https:\/\/api.w.org\/{rel}","templated":true}]}}