{"id":65712,"date":"2024-03-22T14:52:27","date_gmt":"2024-03-22T13:52:27","guid":{"rendered":"https:\/\/abinox-chr-clim.com\/index.php\/product\/plats-a-souffle-blancs-olympia-105mm-lot-de-6\/"},"modified":"2025-06-30T10:14:27","modified_gmt":"2025-06-30T08:14:27","slug":"plats-a-souffle-blancs-olympia-105mm-lot-de-6","status":"publish","type":"product","link":"https:\/\/abinox-chr-clim.com\/index.php\/product\/plats-a-souffle-blancs-olympia-105mm-lot-de-6\/","title":{"rendered":"Plats \u00e0 souffl\u00e9 blancs Olympia 105mm (Lot de 6)"},"content":{"rendered":"<p>Couleur : blanc.Forme : rond.Compatible four, four micro-ondes, lave-vaisselle et cong\u00e9lateur.Bords renforc\u00e9s pour r\u00e9sister aux \u00e9clats.Enti\u00e8rement vitrifi\u00e9e pour r\u00e9sister \u00e0 la chaleur et aux chocs. Couleur : blanc. .<br \/> Caract\u00e9ristiques :<br \/>Lot : 6.<br \/> Dimensions : 44(H)x 105(\u00d8)mm.<br \/> Mati\u00e8re : Porcelaine<\/p>\n","protected":false},"excerpt":{"rendered":"<p>Plats \u00e0 souffl\u00e9 blancs Olympia 105mm (Lot de 6)<\/p>\n","protected":false},"featured_media":97964,"comment_status":"closed","ping_status":"closed","template":"","meta":[],"product_brand":[],"product_cat":[1023,1297,1048,1043],"product_tag":[],"class_list":{"0":"post-65712","1":"product","2":"type-product","3":"status-publish","4":"has-post-thumbnail","6":"product_cat-art-de-la-table","7":"product_cat-non-palettisable","8":"product_cat-olympia-vaisselle","9":"product_cat-vaisselle","10":"product_shipping_class-free-shipping","12":"first","13":"outofstock","14":"featured","15":"taxable","16":"shipping-taxable","17":"purchasable","18":"product-type-simple"},"_links":{"self":[{"href":"https:\/\/abinox-chr-clim.com\/index.php\/wp-json\/wp\/v2\/product\/65712","targetHints":{"allow":["GET"]}}],"collection":[{"href":"https:\/\/abinox-chr-clim.com\/index.php\/wp-json\/wp\/v2\/product"}],"about":[{"href":"https:\/\/abinox-chr-clim.com\/index.php\/wp-json\/wp\/v2\/types\/product"}],"replies":[{"embeddable":true,"href":"https:\/\/abinox-chr-clim.com\/index.php\/wp-json\/wp\/v2\/comments?post=65712"}],"wp:featuredmedia":[{"embeddable":true,"href":"https:\/\/abinox-chr-clim.com\/index.php\/wp-json\/wp\/v2\/media\/97964"}],"wp:attachment":[{"href":"https:\/\/abinox-chr-clim.com\/index.php\/wp-json\/wp\/v2\/media?parent=65712"}],"wp:term":[{"taxonomy":"product_brand","embeddable":true,"href":"https:\/\/abinox-chr-clim.com\/index.php\/wp-json\/wp\/v2\/product_brand?post=65712"},{"taxonomy":"product_cat","embeddable":true,"href":"https:\/\/abinox-chr-clim.com\/index.php\/wp-json\/wp\/v2\/product_cat?post=65712"},{"taxonomy":"product_tag","embeddable":true,"href":"https:\/\/abinox-chr-clim.com\/index.php\/wp-json\/wp\/v2\/product_tag?post=65712"}],"curies":[{"name":"wp","href":"https:\/\/api.w.org\/{rel}","templated":true}]}}