{"id":65666,"date":"2024-03-22T14:52:10","date_gmt":"2024-03-22T13:52:10","guid":{"rendered":"https:\/\/abinox-chr-clim.com\/index.php\/product\/soucoupe-pour-tasse-a-cappuccino-ivory-282ml-olympia-lot-de-12\/"},"modified":"2025-06-30T10:10:32","modified_gmt":"2025-06-30T08:10:32","slug":"soucoupe-pour-tasse-a-cappuccino-ivory-282ml-olympia-lot-de-12","status":"publish","type":"product","link":"https:\/\/abinox-chr-clim.com\/index.php\/product\/soucoupe-pour-tasse-a-cappuccino-ivory-282ml-olympia-lot-de-12\/","title":{"rendered":"Soucoupe pour tasse \u00e0 cappuccino Ivory 282ml Olympia (Lot de 12)"},"content":{"rendered":"<p>Une nouvelle gamme de porcelaine h\u00f4teli\u00e8re tr\u00e8s \u00e9l\u00e9gante couleur ivoire aux bords arrondis. Enti\u00e8rement vitrifi\u00e9e pour r\u00e9sister aux chocs et \u00e0 la chaleur et pour garantir une brillance longue dur\u00e9e. R\u00e9sistant au four, au four \u00e0 micro-ondes et au lave-vaisselle. Une nouvelle gamme de porcelaine h\u00f4teli\u00e8re tr\u00e8s \u00e9l\u00e9gante couleur ivoire aux bords arrondis. .<br \/> Caract\u00e9ristiques :<br \/>Lot : 12.<br \/> Capacit\u00e9 : 285 ml.<br \/> Mati\u00e8re : Gr\u00e8s.<br \/> Couleur : Ivoire.<\/p>\n","protected":false},"excerpt":{"rendered":"<p>Soucoupe pour tasse \u00e0 cappuccino Ivory 282ml Olympia (Lot de 12)<\/p>\n","protected":false},"featured_media":98244,"comment_status":"closed","ping_status":"closed","template":"","meta":[],"product_brand":[],"product_cat":[1023,1297,1048,1043],"product_tag":[],"class_list":{"0":"post-65666","1":"product","2":"type-product","3":"status-publish","4":"has-post-thumbnail","6":"product_cat-art-de-la-table","7":"product_cat-non-palettisable","8":"product_cat-olympia-vaisselle","9":"product_cat-vaisselle","10":"product_shipping_class-free-shipping","12":"first","13":"instock","14":"featured","15":"taxable","16":"shipping-taxable","17":"purchasable","18":"product-type-simple"},"_links":{"self":[{"href":"https:\/\/abinox-chr-clim.com\/index.php\/wp-json\/wp\/v2\/product\/65666","targetHints":{"allow":["GET"]}}],"collection":[{"href":"https:\/\/abinox-chr-clim.com\/index.php\/wp-json\/wp\/v2\/product"}],"about":[{"href":"https:\/\/abinox-chr-clim.com\/index.php\/wp-json\/wp\/v2\/types\/product"}],"replies":[{"embeddable":true,"href":"https:\/\/abinox-chr-clim.com\/index.php\/wp-json\/wp\/v2\/comments?post=65666"}],"wp:featuredmedia":[{"embeddable":true,"href":"https:\/\/abinox-chr-clim.com\/index.php\/wp-json\/wp\/v2\/media\/98244"}],"wp:attachment":[{"href":"https:\/\/abinox-chr-clim.com\/index.php\/wp-json\/wp\/v2\/media?parent=65666"}],"wp:term":[{"taxonomy":"product_brand","embeddable":true,"href":"https:\/\/abinox-chr-clim.com\/index.php\/wp-json\/wp\/v2\/product_brand?post=65666"},{"taxonomy":"product_cat","embeddable":true,"href":"https:\/\/abinox-chr-clim.com\/index.php\/wp-json\/wp\/v2\/product_cat?post=65666"},{"taxonomy":"product_tag","embeddable":true,"href":"https:\/\/abinox-chr-clim.com\/index.php\/wp-json\/wp\/v2\/product_tag?post=65666"}],"curies":[{"name":"wp","href":"https:\/\/api.w.org\/{rel}","templated":true}]}}