{"id":65660,"date":"2024-03-22T14:52:09","date_gmt":"2024-03-22T13:52:09","guid":{"rendered":"https:\/\/abinox-chr-clim.com\/index.php\/product\/assiettes-a-bord-large-olympia-linear-250mm-lot-de-12\/"},"modified":"2026-04-02T09:07:54","modified_gmt":"2026-04-02T07:07:54","slug":"assiettes-a-bord-large-olympia-linear-250mm-lot-de-12","status":"publish","type":"product","link":"https:\/\/abinox-chr-clim.com\/index.php\/product\/assiettes-a-bord-large-olympia-linear-250mm-lot-de-12\/","title":{"rendered":"Assiettes \u00e0 bord large Olympia Linear 250mm (Lot de 12)"},"content":{"rendered":"<p>Pure porcelaine blanche tr\u00e8s \u00e9l\u00e9gante caract\u00e9ris\u00e9e par un l\u00e9ger motif lin\u00e9aire en relief. Enti\u00e8rement vitrifi\u00e9e pour r\u00e9sister aux chocs et \u00e0 la chaleur et pour garantir une brillance longue dur\u00e9e. R\u00e9sistant au four, au four \u00e0 micro-ondes et au lave-vaisselle. Cet article b\u00e9n\u00e9ficie de notre garantie \u00e0 vie contre les \u00e9br\u00e9chures. Pure porcelaine blanche tr\u00e8s \u00e9l\u00e9gante caract\u00e9ris\u00e9e par un l\u00e9ger motif lin\u00e9aire en relief. .<br \/> Caract\u00e9ristiques :<br \/>Lot : 12.<br \/> Dimensions : 254(\u00d8) mm.<br \/> Mati\u00e8re : Porcelaine.<br \/> Couleur : Blanc.<\/p>\n","protected":false},"excerpt":{"rendered":"<p>Assiettes \u00e0 bord large Olympia Linear 250mm (Lot de 12)<\/p>\n","protected":false},"featured_media":102768,"comment_status":"closed","ping_status":"closed","template":"","meta":[],"product_brand":[],"product_cat":[1023,1297,1048,1043],"product_tag":[],"class_list":{"0":"post-65660","1":"product","2":"type-product","3":"status-publish","4":"has-post-thumbnail","6":"product_cat-art-de-la-table","7":"product_cat-non-palettisable","8":"product_cat-olympia-vaisselle","9":"product_cat-vaisselle","10":"product_shipping_class-free-shipping","12":"first","13":"instock","14":"featured","15":"taxable","16":"shipping-taxable","17":"purchasable","18":"product-type-simple"},"_links":{"self":[{"href":"https:\/\/abinox-chr-clim.com\/index.php\/wp-json\/wp\/v2\/product\/65660","targetHints":{"allow":["GET"]}}],"collection":[{"href":"https:\/\/abinox-chr-clim.com\/index.php\/wp-json\/wp\/v2\/product"}],"about":[{"href":"https:\/\/abinox-chr-clim.com\/index.php\/wp-json\/wp\/v2\/types\/product"}],"replies":[{"embeddable":true,"href":"https:\/\/abinox-chr-clim.com\/index.php\/wp-json\/wp\/v2\/comments?post=65660"}],"wp:featuredmedia":[{"embeddable":true,"href":"https:\/\/abinox-chr-clim.com\/index.php\/wp-json\/wp\/v2\/media\/102768"}],"wp:attachment":[{"href":"https:\/\/abinox-chr-clim.com\/index.php\/wp-json\/wp\/v2\/media?parent=65660"}],"wp:term":[{"taxonomy":"product_brand","embeddable":true,"href":"https:\/\/abinox-chr-clim.com\/index.php\/wp-json\/wp\/v2\/product_brand?post=65660"},{"taxonomy":"product_cat","embeddable":true,"href":"https:\/\/abinox-chr-clim.com\/index.php\/wp-json\/wp\/v2\/product_cat?post=65660"},{"taxonomy":"product_tag","embeddable":true,"href":"https:\/\/abinox-chr-clim.com\/index.php\/wp-json\/wp\/v2\/product_tag?post=65660"}],"curies":[{"name":"wp","href":"https:\/\/api.w.org\/{rel}","templated":true}]}}