{"id":65554,"date":"2024-03-22T14:51:32","date_gmt":"2024-03-22T13:51:32","guid":{"rendered":"https:\/\/abinox-chr-clim.com\/index.php\/product\/assiette-plate-bleu-cristallin-olympia-cavolo-270mm-lot-de-4\/"},"modified":"2026-04-23T09:31:39","modified_gmt":"2026-04-23T07:31:39","slug":"assiette-plate-bleu-cristallin-olympia-cavolo-270mm-lot-de-4","status":"publish","type":"product","link":"https:\/\/abinox-chr-clim.com\/index.php\/product\/assiette-plate-bleu-cristallin-olympia-cavolo-270mm-lot-de-4\/","title":{"rendered":"Assiette plate bleu cristallin Olympia Cavolo 270mm (lot de 4)"},"content":{"rendered":"<p>Dimension 270(\u00d8)mm. Porcelaine. Coloris bleu cristallin. La vitrification apporte des reflets diff\u00e9rents en fonction de la lumi\u00e8re. Empilable. Compatible lave-vaisselle. Compatible four. Garantie contre les \u00e9br\u00e9chures. Talon non vitrifi\u00e9.Dimension 270(\u00d8)mm.<\/p>\n<p>Caract\u00e9ristiques :<br \/>Lot : 4.<br \/> Dimensions : 270(\u00d8) mm.<br \/> Mati\u00e8re : Porcelaine.<br \/> Couleur : Bleu.<\/p>\n","protected":false},"excerpt":{"rendered":"<p>Assiette plate bleu cristallin Olympia Cavolo 270mm (lot de 4)<\/p>\n","protected":false},"featured_media":94061,"comment_status":"closed","ping_status":"closed","template":"","meta":[],"product_brand":[],"product_cat":[1023,1297,1048,1043],"product_tag":[],"class_list":{"0":"post-65554","1":"product","2":"type-product","3":"status-publish","4":"has-post-thumbnail","6":"product_cat-art-de-la-table","7":"product_cat-non-palettisable","8":"product_cat-olympia-vaisselle","9":"product_cat-vaisselle","10":"product_shipping_class-free-shipping","12":"first","13":"instock","14":"featured","15":"taxable","16":"shipping-taxable","17":"purchasable","18":"product-type-simple"},"_links":{"self":[{"href":"https:\/\/abinox-chr-clim.com\/index.php\/wp-json\/wp\/v2\/product\/65554","targetHints":{"allow":["GET"]}}],"collection":[{"href":"https:\/\/abinox-chr-clim.com\/index.php\/wp-json\/wp\/v2\/product"}],"about":[{"href":"https:\/\/abinox-chr-clim.com\/index.php\/wp-json\/wp\/v2\/types\/product"}],"replies":[{"embeddable":true,"href":"https:\/\/abinox-chr-clim.com\/index.php\/wp-json\/wp\/v2\/comments?post=65554"}],"wp:featuredmedia":[{"embeddable":true,"href":"https:\/\/abinox-chr-clim.com\/index.php\/wp-json\/wp\/v2\/media\/94061"}],"wp:attachment":[{"href":"https:\/\/abinox-chr-clim.com\/index.php\/wp-json\/wp\/v2\/media?parent=65554"}],"wp:term":[{"taxonomy":"product_brand","embeddable":true,"href":"https:\/\/abinox-chr-clim.com\/index.php\/wp-json\/wp\/v2\/product_brand?post=65554"},{"taxonomy":"product_cat","embeddable":true,"href":"https:\/\/abinox-chr-clim.com\/index.php\/wp-json\/wp\/v2\/product_cat?post=65554"},{"taxonomy":"product_tag","embeddable":true,"href":"https:\/\/abinox-chr-clim.com\/index.php\/wp-json\/wp\/v2\/product_tag?post=65554"}],"curies":[{"name":"wp","href":"https:\/\/api.w.org\/{rel}","templated":true}]}}