{"id":65473,"date":"2024-03-22T14:51:03","date_gmt":"2024-03-22T13:51:03","guid":{"rendered":"https:\/\/abinox-chr-clim.com\/index.php\/product\/plats-empilables-en-porcelaine-blanche-olympia-134mm-lot-de-6\/"},"modified":"2026-04-24T08:58:37","modified_gmt":"2026-04-24T06:58:37","slug":"plats-empilables-en-porcelaine-blanche-olympia-134mm-lot-de-6","status":"publish","type":"product","link":"https:\/\/abinox-chr-clim.com\/index.php\/product\/plats-empilables-en-porcelaine-blanche-olympia-134mm-lot-de-6\/","title":{"rendered":"Plats empilables en porcelaine blanche Olympia 134mm (Lot de 6)"},"content":{"rendered":"<p>Cette gamme en porcelaine, et non en terre cuite traditionnelle, offre r\u00e9sistance et durabilit\u00e9 et convient \u00e0 toute utilisation.<br \/>R\u00e9siste au four.R\u00e9siste au micro-ondes.R\u00e9siste au lave-vaisselle.Enti\u00e8rement vitrifi\u00e9e pour r\u00e9sister \u00e0 la chaleur et aux chocs.Vernis r\u00e9sistant.Nous pouvons fournir des \u00e9chantillons individuels de porcelaine fine Olympia, \u00e0 moindre co\u00fbt, pour vous aider \u00e0 prendre votre d\u00e9cision lors de l&rsquo;achat de services complets. Veuillez appeler pour demander des ECHANTILLONS OLYMPIA.  Cet article b\u00e9n\u00e9ficie de notre garantie \u00e0 vie contre les \u00e9br\u00e9chures. R\u00e9siste au four. .<br \/> Caract\u00e9ristiques :<br \/>Lot : 6.<br \/> Dimensions : 30(H) x 134(\u00d8) mm.<br \/> Mati\u00e8re : Porcelaine.<br \/> Couleur : Blanc.<\/p>\n","protected":false},"excerpt":{"rendered":"<p>Plats empilables en porcelaine blanche Olympia 134mm (Lot de 6)<\/p>\n","protected":false},"featured_media":89717,"comment_status":"closed","ping_status":"closed","template":"","meta":[],"product_brand":[],"product_cat":[1023,1297,1048,1043],"product_tag":[],"class_list":{"0":"post-65473","1":"product","2":"type-product","3":"status-publish","4":"has-post-thumbnail","6":"product_cat-art-de-la-table","7":"product_cat-non-palettisable","8":"product_cat-olympia-vaisselle","9":"product_cat-vaisselle","10":"product_shipping_class-free-shipping","12":"first","13":"instock","14":"featured","15":"taxable","16":"shipping-taxable","17":"purchasable","18":"product-type-simple"},"_links":{"self":[{"href":"https:\/\/abinox-chr-clim.com\/index.php\/wp-json\/wp\/v2\/product\/65473","targetHints":{"allow":["GET"]}}],"collection":[{"href":"https:\/\/abinox-chr-clim.com\/index.php\/wp-json\/wp\/v2\/product"}],"about":[{"href":"https:\/\/abinox-chr-clim.com\/index.php\/wp-json\/wp\/v2\/types\/product"}],"replies":[{"embeddable":true,"href":"https:\/\/abinox-chr-clim.com\/index.php\/wp-json\/wp\/v2\/comments?post=65473"}],"wp:featuredmedia":[{"embeddable":true,"href":"https:\/\/abinox-chr-clim.com\/index.php\/wp-json\/wp\/v2\/media\/89717"}],"wp:attachment":[{"href":"https:\/\/abinox-chr-clim.com\/index.php\/wp-json\/wp\/v2\/media?parent=65473"}],"wp:term":[{"taxonomy":"product_brand","embeddable":true,"href":"https:\/\/abinox-chr-clim.com\/index.php\/wp-json\/wp\/v2\/product_brand?post=65473"},{"taxonomy":"product_cat","embeddable":true,"href":"https:\/\/abinox-chr-clim.com\/index.php\/wp-json\/wp\/v2\/product_cat?post=65473"},{"taxonomy":"product_tag","embeddable":true,"href":"https:\/\/abinox-chr-clim.com\/index.php\/wp-json\/wp\/v2\/product_tag?post=65473"}],"curies":[{"name":"wp","href":"https:\/\/api.w.org\/{rel}","templated":true}]}}