{"id":65293,"date":"2024-03-22T14:50:03","date_gmt":"2024-03-22T13:50:03","guid":{"rendered":"https:\/\/abinox-chr-clim.com\/index.php\/product\/bols-carres-140mm-olympia-lumina-lot-de-6\/"},"modified":"2025-08-30T09:07:46","modified_gmt":"2025-08-30T07:07:46","slug":"bols-carres-140mm-olympia-lumina-lot-de-6","status":"publish","type":"product","link":"https:\/\/abinox-chr-clim.com\/index.php\/product\/bols-carres-140mm-olympia-lumina-lot-de-6\/","title":{"rendered":"Bols carr\u00e9s 140mm Olympia Lumina (Lot de 6)"},"content":{"rendered":"<p>Couleur : blanche. Forme : carr\u00e9. Compatible four, micro-ondes, cong\u00e9lateur et lave-vaisselle. Durabilit\u00e9 sup\u00e9rieure de la vaisselle vitrifi\u00e9e alli\u00e9e \u00e0 l&rsquo;\u00e9l\u00e9gance de la porcelaine fine. Couleur : blanche.<\/p>\n<p>Caract\u00e9ristiques :<br \/>Lot : 6.<br \/> Dimensions : 140mm.<br \/> Mati\u00e8re : C\u00e9ramique.<br \/> Couleur : Blanc.<\/p>\n","protected":false},"excerpt":{"rendered":"<p>Bols carr\u00e9s 140mm Olympia Lumina (Lot de 6)<\/p>\n","protected":false},"featured_media":102787,"comment_status":"closed","ping_status":"closed","template":"","meta":[],"product_brand":[],"product_cat":[1023,1047,1297,1043],"product_tag":[],"class_list":{"0":"post-65293","1":"product","2":"type-product","3":"status-publish","4":"has-post-thumbnail","6":"product_cat-art-de-la-table","7":"product_cat-lumina-fine-china","8":"product_cat-non-palettisable","9":"product_cat-vaisselle","10":"product_shipping_class-free-shipping","12":"first","13":"outofstock","14":"featured","15":"taxable","16":"shipping-taxable","17":"purchasable","18":"product-type-simple"},"_links":{"self":[{"href":"https:\/\/abinox-chr-clim.com\/index.php\/wp-json\/wp\/v2\/product\/65293","targetHints":{"allow":["GET"]}}],"collection":[{"href":"https:\/\/abinox-chr-clim.com\/index.php\/wp-json\/wp\/v2\/product"}],"about":[{"href":"https:\/\/abinox-chr-clim.com\/index.php\/wp-json\/wp\/v2\/types\/product"}],"replies":[{"embeddable":true,"href":"https:\/\/abinox-chr-clim.com\/index.php\/wp-json\/wp\/v2\/comments?post=65293"}],"wp:featuredmedia":[{"embeddable":true,"href":"https:\/\/abinox-chr-clim.com\/index.php\/wp-json\/wp\/v2\/media\/102787"}],"wp:attachment":[{"href":"https:\/\/abinox-chr-clim.com\/index.php\/wp-json\/wp\/v2\/media?parent=65293"}],"wp:term":[{"taxonomy":"product_brand","embeddable":true,"href":"https:\/\/abinox-chr-clim.com\/index.php\/wp-json\/wp\/v2\/product_brand?post=65293"},{"taxonomy":"product_cat","embeddable":true,"href":"https:\/\/abinox-chr-clim.com\/index.php\/wp-json\/wp\/v2\/product_cat?post=65293"},{"taxonomy":"product_tag","embeddable":true,"href":"https:\/\/abinox-chr-clim.com\/index.php\/wp-json\/wp\/v2\/product_tag?post=65293"}],"curies":[{"name":"wp","href":"https:\/\/api.w.org\/{rel}","templated":true}]}}