{"id":65258,"date":"2024-03-22T14:49:52","date_gmt":"2024-03-22T13:49:52","guid":{"rendered":"https:\/\/abinox-chr-clim.com\/index.php\/product\/bols-a-cereales-utopia-pure-white-150-mm-lot-de-24\/"},"modified":"2026-04-15T10:26:53","modified_gmt":"2026-04-15T08:26:53","slug":"bols-a-cereales-utopia-pure-white-150-mm-lot-de-24","status":"publish","type":"product","link":"https:\/\/abinox-chr-clim.com\/index.php\/product\/bols-a-cereales-utopia-pure-white-150-mm-lot-de-24\/","title":{"rendered":"Bols \u00e0 c\u00e9r\u00e9ales Utopia Pure White 150 mm (lot de 24)"},"content":{"rendered":"<p>Pure White est une gamme de vaisselle enti\u00e8rement en porcelaine, d\u00e9velopp\u00e9e pour r\u00e9pondre aux besoins du march\u00e9. Cette gamme pr\u00e9sente une r\u00e9sistance \u00e9lev\u00e9e \u00e0 l&rsquo;absorption d&rsquo;eau ; elle passe au four \u00e0 micro-ondes et au lave-vaisselle et est con\u00e7ue pour r\u00e9sister aux rigueurs de toute activit\u00e9 de restauration.<br \/>Con\u00e7u pour r\u00e9sister aux rigueurs de tout environnement de restauration. Conforme \u00e0 la norme britannique sur les articles h\u00f4teliers BS4034.Passe au micro-ondes et au lave-vaisselle. De la marque sp\u00e9cialis\u00e9e en arts de la table Utopia.  Con\u00e7u pour r\u00e9sister aux rigueurs de tout environnement de restauration.<\/p>\n<p>Caract\u00e9ristiques :<br \/>Lot : 24.<br \/> Capacit\u00e9 : 330 ml.<br \/> Dimensions : 45(H) x 150(\u00d8) mm.<br \/> Mati\u00e8re : Porcelaine.<br \/> Couleur : Blanc.<\/p>\n","protected":false},"excerpt":{"rendered":"<p>Bols \u00e0 c\u00e9r\u00e9ales Utopia Pure White 150 mm (lot de 24)<\/p>\n","protected":false},"featured_media":96496,"comment_status":"closed","ping_status":"closed","template":"","meta":[],"product_brand":[],"product_cat":[1023,1045,1297,1043],"product_tag":[],"class_list":{"0":"post-65258","1":"product","2":"type-product","3":"status-publish","4":"has-post-thumbnail","6":"product_cat-art-de-la-table","7":"product_cat-divers-vaisselle","8":"product_cat-non-palettisable","9":"product_cat-vaisselle","10":"product_shipping_class-free-shipping","12":"first","13":"instock","14":"featured","15":"taxable","16":"shipping-taxable","17":"purchasable","18":"product-type-simple"},"_links":{"self":[{"href":"https:\/\/abinox-chr-clim.com\/index.php\/wp-json\/wp\/v2\/product\/65258","targetHints":{"allow":["GET"]}}],"collection":[{"href":"https:\/\/abinox-chr-clim.com\/index.php\/wp-json\/wp\/v2\/product"}],"about":[{"href":"https:\/\/abinox-chr-clim.com\/index.php\/wp-json\/wp\/v2\/types\/product"}],"replies":[{"embeddable":true,"href":"https:\/\/abinox-chr-clim.com\/index.php\/wp-json\/wp\/v2\/comments?post=65258"}],"wp:featuredmedia":[{"embeddable":true,"href":"https:\/\/abinox-chr-clim.com\/index.php\/wp-json\/wp\/v2\/media\/96496"}],"wp:attachment":[{"href":"https:\/\/abinox-chr-clim.com\/index.php\/wp-json\/wp\/v2\/media?parent=65258"}],"wp:term":[{"taxonomy":"product_brand","embeddable":true,"href":"https:\/\/abinox-chr-clim.com\/index.php\/wp-json\/wp\/v2\/product_brand?post=65258"},{"taxonomy":"product_cat","embeddable":true,"href":"https:\/\/abinox-chr-clim.com\/index.php\/wp-json\/wp\/v2\/product_cat?post=65258"},{"taxonomy":"product_tag","embeddable":true,"href":"https:\/\/abinox-chr-clim.com\/index.php\/wp-json\/wp\/v2\/product_tag?post=65258"}],"curies":[{"name":"wp","href":"https:\/\/api.w.org\/{rel}","templated":true}]}}