{"id":65250,"date":"2024-03-22T14:49:47","date_gmt":"2024-03-22T13:49:47","guid":{"rendered":"https:\/\/abinox-chr-clim.com\/index.php\/product\/assiettes-saturnia-napoli-240mm-lot-de-6\/"},"modified":"2026-04-15T09:48:18","modified_gmt":"2026-04-15T07:48:18","slug":"assiettes-saturnia-napoli-240mm-lot-de-6","status":"publish","type":"product","link":"https:\/\/abinox-chr-clim.com\/index.php\/product\/assiettes-saturnia-napoli-240mm-lot-de-6\/","title":{"rendered":"Assiettes Saturnia Napoli 240mm (lot de 6)"},"content":{"rendered":"<p>Assiettes en porcelaine de qualit\u00e9, id\u00e9ales pour les entr\u00e9es et les desserts. Intemporelles, robustes et adapt\u00e9es \u00e0 un usage quotidien.<br \/>Bord renforc\u00e9. Compatible micro-ondes. Compatible four. Compatible r\u00e9frig\u00e9rateur et cong\u00e9lateur. Compatible lave-vaisselle. Id\u00e9ales pour les entr\u00e9es et les desserts.  Bord renforc\u00e9.<\/p>\n<p>Caract\u00e9ristiques :<br \/>Lot : 6.<br \/> Dimensions : 240(\u00d8) mm.<br \/> Mati\u00e8re : Porcelaine<\/p>\n","protected":false},"excerpt":{"rendered":"<p>Assiettes Saturnia Napoli 240mm (lot de 6)<\/p>\n","protected":false},"featured_media":103110,"comment_status":"closed","ping_status":"closed","template":"","meta":[],"product_brand":[],"product_cat":[1023,1045,1297,1043],"product_tag":[],"class_list":{"0":"post-65250","1":"product","2":"type-product","3":"status-publish","4":"has-post-thumbnail","6":"product_cat-art-de-la-table","7":"product_cat-divers-vaisselle","8":"product_cat-non-palettisable","9":"product_cat-vaisselle","10":"product_shipping_class-free-shipping","12":"first","13":"instock","14":"featured","15":"taxable","16":"shipping-taxable","17":"purchasable","18":"product-type-simple"},"_links":{"self":[{"href":"https:\/\/abinox-chr-clim.com\/index.php\/wp-json\/wp\/v2\/product\/65250","targetHints":{"allow":["GET"]}}],"collection":[{"href":"https:\/\/abinox-chr-clim.com\/index.php\/wp-json\/wp\/v2\/product"}],"about":[{"href":"https:\/\/abinox-chr-clim.com\/index.php\/wp-json\/wp\/v2\/types\/product"}],"replies":[{"embeddable":true,"href":"https:\/\/abinox-chr-clim.com\/index.php\/wp-json\/wp\/v2\/comments?post=65250"}],"wp:featuredmedia":[{"embeddable":true,"href":"https:\/\/abinox-chr-clim.com\/index.php\/wp-json\/wp\/v2\/media\/103110"}],"wp:attachment":[{"href":"https:\/\/abinox-chr-clim.com\/index.php\/wp-json\/wp\/v2\/media?parent=65250"}],"wp:term":[{"taxonomy":"product_brand","embeddable":true,"href":"https:\/\/abinox-chr-clim.com\/index.php\/wp-json\/wp\/v2\/product_brand?post=65250"},{"taxonomy":"product_cat","embeddable":true,"href":"https:\/\/abinox-chr-clim.com\/index.php\/wp-json\/wp\/v2\/product_cat?post=65250"},{"taxonomy":"product_tag","embeddable":true,"href":"https:\/\/abinox-chr-clim.com\/index.php\/wp-json\/wp\/v2\/product_tag?post=65250"}],"curies":[{"name":"wp","href":"https:\/\/api.w.org\/{rel}","templated":true}]}}