{"id":65237,"date":"2024-03-22T14:49:44","date_gmt":"2024-03-22T13:49:44","guid":{"rendered":"https:\/\/abinox-chr-clim.com\/index.php\/product\/assiettes-a-pizza-en-porcelaine-33-cm-saturnia-decor-chef-lot-de-6\/"},"modified":"2026-04-24T10:04:38","modified_gmt":"2026-04-24T08:04:38","slug":"assiettes-a-pizza-en-porcelaine-33-cm-saturnia-decor-chef-lot-de-6","status":"publish","type":"product","link":"https:\/\/abinox-chr-clim.com\/index.php\/product\/assiettes-a-pizza-en-porcelaine-33-cm-saturnia-decor-chef-lot-de-6\/","title":{"rendered":"Assiettes \u00e0 pizza en porcelaine 33 cm Saturnia d\u00e9cor Chef (lot de 6)"},"content":{"rendered":"<p>Les vraies assiettes \u00e0 pizza italiennes en porcelaine d\u00e9cor\u00e9es. Fabrication en deux phases \u00e0 partir de mati\u00e8res premi\u00e8res de haute qualit\u00e9 garantissant la solidit\u00e9 des assiettes. La vitrification renforce la r\u00e9sistance et r\u00e9duit les \u00e9clats. Compatibles lave-vaisselle et micro-ondes. Bord \u00e9troit et surface plane.<br \/>Surface plane adapt\u00e9e au service des pizzas. Petit rebord permettant de maintenir le contenu de l&rsquo;assiette. Compatible lave-vaisselle et micro-ondes. Surface plane adapt\u00e9e au service des pizzas.<\/p>\n<p>Caract\u00e9ristiques :<br \/>Lot : 6.<br \/> Dimensions : 330(\u00d8) mm.<br \/> Mati\u00e8re : Porcelaine vitrifi\u00e9e<\/p>\n","protected":false},"excerpt":{"rendered":"<p>Assiettes \u00e0 pizza en porcelaine 33 cm Saturnia d\u00e9cor Chef (lot de 6)<\/p>\n","protected":false},"featured_media":90005,"comment_status":"closed","ping_status":"closed","template":"","meta":[],"product_brand":[],"product_cat":[1023,1045,1297,1043],"product_tag":[],"class_list":{"0":"post-65237","1":"product","2":"type-product","3":"status-publish","4":"has-post-thumbnail","6":"product_cat-art-de-la-table","7":"product_cat-divers-vaisselle","8":"product_cat-non-palettisable","9":"product_cat-vaisselle","10":"product_shipping_class-free-shipping","12":"first","13":"outofstock","14":"featured","15":"taxable","16":"shipping-taxable","17":"purchasable","18":"product-type-simple"},"_links":{"self":[{"href":"https:\/\/abinox-chr-clim.com\/index.php\/wp-json\/wp\/v2\/product\/65237","targetHints":{"allow":["GET"]}}],"collection":[{"href":"https:\/\/abinox-chr-clim.com\/index.php\/wp-json\/wp\/v2\/product"}],"about":[{"href":"https:\/\/abinox-chr-clim.com\/index.php\/wp-json\/wp\/v2\/types\/product"}],"replies":[{"embeddable":true,"href":"https:\/\/abinox-chr-clim.com\/index.php\/wp-json\/wp\/v2\/comments?post=65237"}],"wp:featuredmedia":[{"embeddable":true,"href":"https:\/\/abinox-chr-clim.com\/index.php\/wp-json\/wp\/v2\/media\/90005"}],"wp:attachment":[{"href":"https:\/\/abinox-chr-clim.com\/index.php\/wp-json\/wp\/v2\/media?parent=65237"}],"wp:term":[{"taxonomy":"product_brand","embeddable":true,"href":"https:\/\/abinox-chr-clim.com\/index.php\/wp-json\/wp\/v2\/product_brand?post=65237"},{"taxonomy":"product_cat","embeddable":true,"href":"https:\/\/abinox-chr-clim.com\/index.php\/wp-json\/wp\/v2\/product_cat?post=65237"},{"taxonomy":"product_tag","embeddable":true,"href":"https:\/\/abinox-chr-clim.com\/index.php\/wp-json\/wp\/v2\/product_tag?post=65237"}],"curies":[{"name":"wp","href":"https:\/\/api.w.org\/{rel}","templated":true}]}}