{"id":65111,"date":"2024-03-22T14:49:04","date_gmt":"2024-03-22T13:49:04","guid":{"rendered":"https:\/\/abinox-chr-clim.com\/index.php\/product\/nappe-ronde-blanche-mitre-essentials-occasions-3050mm\/"},"modified":"2026-04-14T10:01:49","modified_gmt":"2026-04-14T08:01:49","slug":"nappe-ronde-blanche-mitre-essentials-occasions-3050mm","status":"publish","type":"product","link":"https:\/\/abinox-chr-clim.com\/index.php\/product\/nappe-ronde-blanche-mitre-essentials-occasions-3050mm\/","title":{"rendered":"Nappe ronde blanche Mitre Essentials Occasions 3050mm"},"content":{"rendered":"<p>Ce linge de table 100 % polyester \u00e9pais pr\u00e9sente une texture classique avec le toucher doux du coton, avec des bords ourl\u00e9s sur les serviettes et les nappes.<br \/>Les bords ourl\u00e9s ajoutent une touche unique et sophistiqu\u00e9e. Le polyester r\u00e9sistant offre une utilisation durable dans les salles de restaurants. Lavable en machine pour un nettoyage rapide et en profondeur. Le coloris blanc donne une apparence haut de gamme et \u00e9l\u00e9gante \u00e0 votre salle. Le poids du tissu \u00e9pais aide \u00e0 prot\u00e9ger vos tables des taches, de la chaleur et des marques. Le tissu doux au toucher offre une sensation de qualit\u00e9 sup\u00e9rieure.  Les bords ourl\u00e9s ajoutent une touche unique et sophistiqu\u00e9e.<\/p>\n<p>Caract\u00e9ristiques :<br \/> Dimensions : 3050.<br \/> Mati\u00e8re : Polyester.<br \/> Poids du tissu : 238g\/m\u00b2.<br \/> Couleur : Blanc.<\/p>\n","protected":false},"excerpt":{"rendered":"<p>Nappe ronde blanche Mitre Essentials Occasions 3050mm<\/p>\n","protected":false},"featured_media":102660,"comment_status":"closed","ping_status":"closed","template":"","meta":[],"product_brand":[],"product_cat":[1023,1039,1041,1297],"product_tag":[],"class_list":{"0":"post-65111","1":"product","2":"type-product","3":"status-publish","4":"has-post-thumbnail","6":"product_cat-art-de-la-table","7":"product_cat-linge-de-table","8":"product_cat-nappes","9":"product_cat-non-palettisable","10":"product_shipping_class-free-shipping","12":"first","13":"instock","14":"featured","15":"taxable","16":"shipping-taxable","17":"purchasable","18":"product-type-simple"},"_links":{"self":[{"href":"https:\/\/abinox-chr-clim.com\/index.php\/wp-json\/wp\/v2\/product\/65111","targetHints":{"allow":["GET"]}}],"collection":[{"href":"https:\/\/abinox-chr-clim.com\/index.php\/wp-json\/wp\/v2\/product"}],"about":[{"href":"https:\/\/abinox-chr-clim.com\/index.php\/wp-json\/wp\/v2\/types\/product"}],"replies":[{"embeddable":true,"href":"https:\/\/abinox-chr-clim.com\/index.php\/wp-json\/wp\/v2\/comments?post=65111"}],"wp:featuredmedia":[{"embeddable":true,"href":"https:\/\/abinox-chr-clim.com\/index.php\/wp-json\/wp\/v2\/media\/102660"}],"wp:attachment":[{"href":"https:\/\/abinox-chr-clim.com\/index.php\/wp-json\/wp\/v2\/media?parent=65111"}],"wp:term":[{"taxonomy":"product_brand","embeddable":true,"href":"https:\/\/abinox-chr-clim.com\/index.php\/wp-json\/wp\/v2\/product_brand?post=65111"},{"taxonomy":"product_cat","embeddable":true,"href":"https:\/\/abinox-chr-clim.com\/index.php\/wp-json\/wp\/v2\/product_cat?post=65111"},{"taxonomy":"product_tag","embeddable":true,"href":"https:\/\/abinox-chr-clim.com\/index.php\/wp-json\/wp\/v2\/product_tag?post=65111"}],"curies":[{"name":"wp","href":"https:\/\/api.w.org\/{rel}","templated":true}]}}