{"id":65107,"date":"2024-03-22T14:49:03","date_gmt":"2024-03-22T13:49:03","guid":{"rendered":"https:\/\/abinox-chr-clim.com\/index.php\/product\/nappe-blanche-mitre-limetree-1600-x-1600mm\/"},"modified":"2026-04-02T09:37:15","modified_gmt":"2026-04-02T07:37:15","slug":"nappe-blanche-mitre-limetree-1600-x-1600mm","status":"publish","type":"product","link":"https:\/\/abinox-chr-clim.com\/index.php\/product\/nappe-blanche-mitre-limetree-1600-x-1600mm\/","title":{"rendered":"Nappe blanche Mitre Limetree 1600 x 1600mm"},"content":{"rendered":"<p>Ce linge de table 100 % polyester \u00e9pais pr\u00e9sente une texture classique avec le toucher doux du coton, avec des bords ourl\u00e9s sur les serviettes et les nappes.<br \/>Bords ourl\u00e9s. Sensation douce du coton. Tissu facile d&rsquo;entretien. Durable. Lavable en machine.  Bords ourl\u00e9s.<\/p>\n<p>Caract\u00e9ristiques :<br \/> Dimensions : 1600(L) x 1600(P)mm.<br \/> Mati\u00e8re : Polyester.<br \/> Poids du tissu : 238g\/m\u00b2.<br \/> Couleur : Blanc.<\/p>\n","protected":false},"excerpt":{"rendered":"<p>Nappe blanche Mitre Limetree 1600 x 1600mm<\/p>\n","protected":false},"featured_media":103903,"comment_status":"closed","ping_status":"closed","template":"","meta":[],"product_brand":[],"product_cat":[1023,1039,1041,1297],"product_tag":[],"class_list":{"0":"post-65107","1":"product","2":"type-product","3":"status-publish","4":"has-post-thumbnail","6":"product_cat-art-de-la-table","7":"product_cat-linge-de-table","8":"product_cat-nappes","9":"product_cat-non-palettisable","10":"product_shipping_class-free-shipping","12":"first","13":"instock","14":"featured","15":"taxable","16":"shipping-taxable","17":"purchasable","18":"product-type-simple"},"_links":{"self":[{"href":"https:\/\/abinox-chr-clim.com\/index.php\/wp-json\/wp\/v2\/product\/65107","targetHints":{"allow":["GET"]}}],"collection":[{"href":"https:\/\/abinox-chr-clim.com\/index.php\/wp-json\/wp\/v2\/product"}],"about":[{"href":"https:\/\/abinox-chr-clim.com\/index.php\/wp-json\/wp\/v2\/types\/product"}],"replies":[{"embeddable":true,"href":"https:\/\/abinox-chr-clim.com\/index.php\/wp-json\/wp\/v2\/comments?post=65107"}],"wp:featuredmedia":[{"embeddable":true,"href":"https:\/\/abinox-chr-clim.com\/index.php\/wp-json\/wp\/v2\/media\/103903"}],"wp:attachment":[{"href":"https:\/\/abinox-chr-clim.com\/index.php\/wp-json\/wp\/v2\/media?parent=65107"}],"wp:term":[{"taxonomy":"product_brand","embeddable":true,"href":"https:\/\/abinox-chr-clim.com\/index.php\/wp-json\/wp\/v2\/product_brand?post=65107"},{"taxonomy":"product_cat","embeddable":true,"href":"https:\/\/abinox-chr-clim.com\/index.php\/wp-json\/wp\/v2\/product_cat?post=65107"},{"taxonomy":"product_tag","embeddable":true,"href":"https:\/\/abinox-chr-clim.com\/index.php\/wp-json\/wp\/v2\/product_tag?post=65107"}],"curies":[{"name":"wp","href":"https:\/\/api.w.org\/{rel}","templated":true}]}}