{"id":65081,"date":"2024-03-22T14:48:55","date_gmt":"2024-03-22T13:48:55","guid":{"rendered":"https:\/\/abinox-chr-clim.com\/index.php\/product\/clips-velcro-pour-juponnage-5-20mm-lot-de-10\/"},"modified":"2026-04-24T08:53:28","modified_gmt":"2026-04-24T06:53:28","slug":"clips-velcro-pour-juponnage-5-20mm-lot-de-10","status":"publish","type":"product","link":"https:\/\/abinox-chr-clim.com\/index.php\/product\/clips-velcro-pour-juponnage-5-20mm-lot-de-10\/","title":{"rendered":"Clips velcro pour juponnage 5-20mm (Lot de 10)"},"content":{"rendered":"<p>Clips en plastique qui se fixent sur la table et pr\u00e9sentent une pastille Velcro sur laquelle on fixe la jupe de table, elle-m\u00eame pourvue d&rsquo;une bande Velcro sur le pourtour. Facile \u00e0 fixer et \u00e0 retirer de la surface de la table.  Intervalle recommand\u00e9 : un clip par 300 mm de tissu.  3 mod\u00e8les en fonction de l&rsquo;\u00e9paisseur du plateau de table.<\/p>\n<p>Caract\u00e9ristiques :<br \/>Lot : 10.<br \/> Dimensions : 20.<br \/> Mati\u00e8re : Plastique.<br \/> Couleur : Argent.<\/p>\n","protected":false},"excerpt":{"rendered":"<p>Clips velcro pour juponnage 5-20mm (Lot de 10)<\/p>\n","protected":false},"featured_media":89698,"comment_status":"closed","ping_status":"closed","template":"","meta":[],"product_brand":[],"product_cat":[1023,1040,1039,1297],"product_tag":[],"class_list":{"0":"post-65081","1":"product","2":"type-product","3":"status-publish","4":"has-post-thumbnail","6":"product_cat-art-de-la-table","7":"product_cat-juponnage","8":"product_cat-linge-de-table","9":"product_cat-non-palettisable","10":"product_shipping_class-free-shipping","12":"first","13":"outofstock","14":"featured","15":"taxable","16":"shipping-taxable","17":"purchasable","18":"product-type-simple"},"_links":{"self":[{"href":"https:\/\/abinox-chr-clim.com\/index.php\/wp-json\/wp\/v2\/product\/65081","targetHints":{"allow":["GET"]}}],"collection":[{"href":"https:\/\/abinox-chr-clim.com\/index.php\/wp-json\/wp\/v2\/product"}],"about":[{"href":"https:\/\/abinox-chr-clim.com\/index.php\/wp-json\/wp\/v2\/types\/product"}],"replies":[{"embeddable":true,"href":"https:\/\/abinox-chr-clim.com\/index.php\/wp-json\/wp\/v2\/comments?post=65081"}],"wp:featuredmedia":[{"embeddable":true,"href":"https:\/\/abinox-chr-clim.com\/index.php\/wp-json\/wp\/v2\/media\/89698"}],"wp:attachment":[{"href":"https:\/\/abinox-chr-clim.com\/index.php\/wp-json\/wp\/v2\/media?parent=65081"}],"wp:term":[{"taxonomy":"product_brand","embeddable":true,"href":"https:\/\/abinox-chr-clim.com\/index.php\/wp-json\/wp\/v2\/product_brand?post=65081"},{"taxonomy":"product_cat","embeddable":true,"href":"https:\/\/abinox-chr-clim.com\/index.php\/wp-json\/wp\/v2\/product_cat?post=65081"},{"taxonomy":"product_tag","embeddable":true,"href":"https:\/\/abinox-chr-clim.com\/index.php\/wp-json\/wp\/v2\/product_tag?post=65081"}],"curies":[{"name":"wp","href":"https:\/\/api.w.org\/{rel}","templated":true}]}}