{"id":65051,"date":"2024-03-22T14:38:57","date_gmt":"2024-03-22T13:38:57","guid":{"rendered":"https:\/\/abinox-chr-clim.com\/index.php\/product\/offre-speciale-240-couverts-olympia-kelso-avec-bac-a-couverts\/"},"modified":"2026-04-24T09:35:42","modified_gmt":"2026-04-24T07:35:42","slug":"offre-speciale-240-couverts-olympia-kelso-avec-bac-a-couverts","status":"publish","type":"product","link":"https:\/\/abinox-chr-clim.com\/index.php\/product\/offre-speciale-240-couverts-olympia-kelso-avec-bac-a-couverts\/","title":{"rendered":"OFFRE SP\u00c9CIALE 240 couverts Olympia Kelso avec bac \u00e0 couverts"},"content":{"rendered":"<p>Une de nos meilleures ventes de couverts avec le bac de rangement. 5&#215;12 de chaque.<br \/>5 x12 couteaux, 5&#215;12 fourchettes de table, 5&#215;12 cuill\u00e8res \u00e0 soupe rondes, 5&#215;12  cuill\u00e8res \u00e0 soupe, et un bac \u00e0 couverts. 5 x12 couteaux, 5&#215;12 fourchettes de table, 5&#215;12 cuill\u00e8res \u00e0 soupe rondes, 5&#215;12  cuill\u00e8res \u00e0 soupe, et un bac \u00e0 couverts. .<br \/> Caract\u00e9ristiques :<br \/>Lot : 240.<br \/> Mati\u00e8re : Inox 18\/0<\/p>\n","protected":false},"excerpt":{"rendered":"<p>OFFRE SP\u00c9CIALE 240 couverts Olympia Kelso avec bac \u00e0 couverts<\/p>\n","protected":false},"featured_media":99985,"comment_status":"closed","ping_status":"closed","template":"","meta":[],"product_brand":[],"product_cat":[1023,1031,1297,1038],"product_tag":[],"class_list":{"0":"post-65051","1":"product","2":"type-product","3":"status-publish","4":"has-post-thumbnail","6":"product_cat-art-de-la-table","7":"product_cat-couverts","8":"product_cat-non-palettisable","9":"product_cat-olympia","10":"product_shipping_class-free-shipping","12":"first","13":"instock","14":"featured","15":"taxable","16":"shipping-taxable","17":"purchasable","18":"product-type-simple"},"_links":{"self":[{"href":"https:\/\/abinox-chr-clim.com\/index.php\/wp-json\/wp\/v2\/product\/65051","targetHints":{"allow":["GET"]}}],"collection":[{"href":"https:\/\/abinox-chr-clim.com\/index.php\/wp-json\/wp\/v2\/product"}],"about":[{"href":"https:\/\/abinox-chr-clim.com\/index.php\/wp-json\/wp\/v2\/types\/product"}],"replies":[{"embeddable":true,"href":"https:\/\/abinox-chr-clim.com\/index.php\/wp-json\/wp\/v2\/comments?post=65051"}],"wp:featuredmedia":[{"embeddable":true,"href":"https:\/\/abinox-chr-clim.com\/index.php\/wp-json\/wp\/v2\/media\/99985"}],"wp:attachment":[{"href":"https:\/\/abinox-chr-clim.com\/index.php\/wp-json\/wp\/v2\/media?parent=65051"}],"wp:term":[{"taxonomy":"product_brand","embeddable":true,"href":"https:\/\/abinox-chr-clim.com\/index.php\/wp-json\/wp\/v2\/product_brand?post=65051"},{"taxonomy":"product_cat","embeddable":true,"href":"https:\/\/abinox-chr-clim.com\/index.php\/wp-json\/wp\/v2\/product_cat?post=65051"},{"taxonomy":"product_tag","embeddable":true,"href":"https:\/\/abinox-chr-clim.com\/index.php\/wp-json\/wp\/v2\/product_tag?post=65051"}],"curies":[{"name":"wp","href":"https:\/\/api.w.org\/{rel}","templated":true}]}}