{"id":65014,"date":"2024-03-22T13:34:11","date_gmt":"2024-03-22T12:34:11","guid":{"rendered":"https:\/\/abinox-chr-clim.com\/index.php\/product\/fourchette-de-table-olympia-harley-lot-de-12\/"},"modified":"2026-04-22T07:45:59","modified_gmt":"2026-04-22T05:45:59","slug":"fourchette-de-table-olympia-harley-lot-de-12","status":"publish","type":"product","link":"https:\/\/abinox-chr-clim.com\/index.php\/product\/fourchette-de-table-olympia-harley-lot-de-12\/","title":{"rendered":"Fourchette de table Olympia Harley (Lot de 12)"},"content":{"rendered":"<p>Mod\u00e8le en acier inoxydable 18\/0 poli d\u00e9cor\u00e9 d&rsquo;une simple ligne. Vendus par douze.<br \/>Finition hautement polie pour ajouter une touche de qualit\u00e9 sup\u00e9rieur \u00e0 vos tables. D\u00e9cor\u00e9 d&rsquo;une ligne double sur le manche pour un look unique. Poign\u00e9e ergonomique pour une utilisation s\u00fbre et confortable. L&rsquo;acier inoxydable 18\/0 emp\u00eache la perte des couverts lorsqu&rsquo;il est utilis\u00e9 avec des syst\u00e8mes de rangement magn\u00e9tique. Fourni en lot de 12 pour compl\u00e9ter votre assortiment de couverts. Faciles \u00e0 nettoyer et \u00e0 s\u00e9cher apr\u00e8s utilisation pour un changement rapide en couverts propres.  Finition hautement polie pour ajouter une touche de qualit\u00e9 sup\u00e9rieur \u00e0 vos tables.<\/p>\n<p>Caract\u00e9ristiques :<br \/>Lot : 12.<br \/> Dimensions : 190(l)mm.<br \/> Mati\u00e8re : Inox 18\/0<\/p>\n","protected":false},"excerpt":{"rendered":"<p>Fourchette de table Olympia Harley (Lot de 12)<\/p>\n","protected":false},"featured_media":88168,"comment_status":"closed","ping_status":"closed","template":"","meta":[],"product_brand":[],"product_cat":[1023,1031,1297,1038],"product_tag":[],"class_list":{"0":"post-65014","1":"product","2":"type-product","3":"status-publish","4":"has-post-thumbnail","6":"product_cat-art-de-la-table","7":"product_cat-couverts","8":"product_cat-non-palettisable","9":"product_cat-olympia","10":"product_shipping_class-free-shipping","12":"first","13":"instock","14":"featured","15":"taxable","16":"shipping-taxable","17":"purchasable","18":"product-type-simple"},"_links":{"self":[{"href":"https:\/\/abinox-chr-clim.com\/index.php\/wp-json\/wp\/v2\/product\/65014","targetHints":{"allow":["GET"]}}],"collection":[{"href":"https:\/\/abinox-chr-clim.com\/index.php\/wp-json\/wp\/v2\/product"}],"about":[{"href":"https:\/\/abinox-chr-clim.com\/index.php\/wp-json\/wp\/v2\/types\/product"}],"replies":[{"embeddable":true,"href":"https:\/\/abinox-chr-clim.com\/index.php\/wp-json\/wp\/v2\/comments?post=65014"}],"wp:featuredmedia":[{"embeddable":true,"href":"https:\/\/abinox-chr-clim.com\/index.php\/wp-json\/wp\/v2\/media\/88168"}],"wp:attachment":[{"href":"https:\/\/abinox-chr-clim.com\/index.php\/wp-json\/wp\/v2\/media?parent=65014"}],"wp:term":[{"taxonomy":"product_brand","embeddable":true,"href":"https:\/\/abinox-chr-clim.com\/index.php\/wp-json\/wp\/v2\/product_brand?post=65014"},{"taxonomy":"product_cat","embeddable":true,"href":"https:\/\/abinox-chr-clim.com\/index.php\/wp-json\/wp\/v2\/product_cat?post=65014"},{"taxonomy":"product_tag","embeddable":true,"href":"https:\/\/abinox-chr-clim.com\/index.php\/wp-json\/wp\/v2\/product_tag?post=65014"}],"curies":[{"name":"wp","href":"https:\/\/api.w.org\/{rel}","templated":true}]}}