{"id":64891,"date":"2024-03-22T13:33:29","date_gmt":"2024-03-22T12:33:29","guid":{"rendered":"https:\/\/abinox-chr-clim.com\/index.php\/product\/cuilleres-a-dessert-utopia-manhattan-lot-de-12\/"},"modified":"2026-04-02T09:59:27","modified_gmt":"2026-04-02T07:59:27","slug":"cuilleres-a-dessert-utopia-manhattan-lot-de-12","status":"publish","type":"product","link":"https:\/\/abinox-chr-clim.com\/index.php\/product\/cuilleres-a-dessert-utopia-manhattan-lot-de-12\/","title":{"rendered":"Cuill\u00e8res \u00e0 dessert Utopia Manhattan (lot de 12)"},"content":{"rendered":"<p>Combinant une finition hautement polie avec un profil \u00e9l\u00e9gant et \u00e9lanc\u00e9, la gamme Manhattan offre un style traditionnel mais vraiment sublime qui mettra en valeur n&rsquo;importe quelle table. Fabriqu\u00e9s en acier inoxydable 18\/0, ces couverts peuvent \u00e9galement \u00eatre utilis\u00e9s avec des syst\u00e8mes magn\u00e9tiques pour le tri des couverts.<br \/>Fabriqu\u00e9 \u00e0 partir d&rsquo;acier inoxydable 18\/0 de haute qualit\u00e9. Profil fluide d&rsquo;une \u00e9l\u00e9gance classique. Calibre 2,5mm. \u00c9l\u00e9gant et durable. De la marque sp\u00e9cialiste des arts de la table Utopia.  Fabriqu\u00e9 \u00e0 partir d&rsquo;acier inoxydable 18\/0 de haute qualit\u00e9.<\/p>\n<p>Caract\u00e9ristiques :<br \/>Lot : 12.<br \/> Dimensions : 183(L) mm.<br \/> Mati\u00e8re : Inox 18\/0.<br \/> Couleur : Finition acier inoxydable poli.<\/p>\n","protected":false},"excerpt":{"rendered":"<p>Cuill\u00e8res \u00e0 dessert Utopia Manhattan (lot de 12)<\/p>\n","protected":false},"featured_media":96472,"comment_status":"closed","ping_status":"closed","template":"","meta":[],"product_brand":[],"product_cat":[1023,1031,1036,1297],"product_tag":[],"class_list":{"0":"post-64891","1":"product","2":"type-product","3":"status-publish","4":"has-post-thumbnail","6":"product_cat-art-de-la-table","7":"product_cat-couverts","8":"product_cat-divers-couverts","9":"product_cat-non-palettisable","10":"product_shipping_class-free-shipping","12":"first","13":"instock","14":"featured","15":"taxable","16":"shipping-taxable","17":"purchasable","18":"product-type-simple"},"_links":{"self":[{"href":"https:\/\/abinox-chr-clim.com\/index.php\/wp-json\/wp\/v2\/product\/64891","targetHints":{"allow":["GET"]}}],"collection":[{"href":"https:\/\/abinox-chr-clim.com\/index.php\/wp-json\/wp\/v2\/product"}],"about":[{"href":"https:\/\/abinox-chr-clim.com\/index.php\/wp-json\/wp\/v2\/types\/product"}],"replies":[{"embeddable":true,"href":"https:\/\/abinox-chr-clim.com\/index.php\/wp-json\/wp\/v2\/comments?post=64891"}],"wp:featuredmedia":[{"embeddable":true,"href":"https:\/\/abinox-chr-clim.com\/index.php\/wp-json\/wp\/v2\/media\/96472"}],"wp:attachment":[{"href":"https:\/\/abinox-chr-clim.com\/index.php\/wp-json\/wp\/v2\/media?parent=64891"}],"wp:term":[{"taxonomy":"product_brand","embeddable":true,"href":"https:\/\/abinox-chr-clim.com\/index.php\/wp-json\/wp\/v2\/product_brand?post=64891"},{"taxonomy":"product_cat","embeddable":true,"href":"https:\/\/abinox-chr-clim.com\/index.php\/wp-json\/wp\/v2\/product_cat?post=64891"},{"taxonomy":"product_tag","embeddable":true,"href":"https:\/\/abinox-chr-clim.com\/index.php\/wp-json\/wp\/v2\/product_tag?post=64891"}],"curies":[{"name":"wp","href":"https:\/\/api.w.org\/{rel}","templated":true}]}}