{"id":64773,"date":"2024-03-22T13:32:56","date_gmt":"2024-03-22T12:32:56","guid":{"rendered":"https:\/\/abinox-chr-clim.com\/index.php\/product\/couteaux-a-viande-olympia-manche-noir-lot-de-12\/"},"modified":"2026-04-15T08:37:14","modified_gmt":"2026-04-15T06:37:14","slug":"couteaux-a-viande-olympia-manche-noir-lot-de-12","status":"publish","type":"product","link":"https:\/\/abinox-chr-clim.com\/index.php\/product\/couteaux-a-viande-olympia-manche-noir-lot-de-12\/","title":{"rendered":"Couteaux \u00e0 viande Olympia manche noir (Lot de 12)"},"content":{"rendered":"<p>Couteaux \u00e0 lame dent\u00e9e et fourchettes en acier inoxydable 18\/0 poli. Manches en bois marron avec rivets en laiton ou manches noirs. Ces produits doivent \u00eatre nettoy\u00e9s dans de l&rsquo;eau chaude savonneuse puis s\u00e9ch\u00e9s imm\u00e9diatement. Lave-vaisselle non recommand\u00e9.<br \/>La lame dentel\u00e9e coupe sans effort les steaks. La lame dentel\u00e9e reste aff\u00fbt\u00e9e plus longtemps qu&rsquo;une lame droite. L&rsquo;acier inoxydable garantit une utilisation durable sans dommage. La poign\u00e9e noire ajoute une finition \u00e9l\u00e9gante. La poign\u00e9e est fix\u00e9e par des rivets pour une durabilit\u00e9 accrue. Lave-vaisselle non recommand\u00e9.  La lame dentel\u00e9e coupe sans effort les steaks.<\/p>\n<p>Caract\u00e9ristiques :<br \/>Lot : 12.<br \/> Dimensions : 215(L)mm.<br \/> Mati\u00e8re : Acier inoxydable 18\/0.<br \/> Couleur : Noir et marron.<\/p>\n","protected":false},"excerpt":{"rendered":"<p>Couteaux \u00e0 viande Olympia manche noir (Lot de 12)<\/p>\n","protected":false},"featured_media":105017,"comment_status":"closed","ping_status":"closed","template":"","meta":[],"product_brand":[],"product_cat":[1023,1035,1031,1297],"product_tag":[],"class_list":{"0":"post-64773","1":"product","2":"type-product","3":"status-publish","4":"has-post-thumbnail","6":"product_cat-art-de-la-table","7":"product_cat-couteaux-et-fourchettes-a-steak","8":"product_cat-couverts","9":"product_cat-non-palettisable","10":"product_shipping_class-free-shipping","12":"first","13":"instock","14":"featured","15":"taxable","16":"shipping-taxable","17":"purchasable","18":"product-type-simple"},"_links":{"self":[{"href":"https:\/\/abinox-chr-clim.com\/index.php\/wp-json\/wp\/v2\/product\/64773","targetHints":{"allow":["GET"]}}],"collection":[{"href":"https:\/\/abinox-chr-clim.com\/index.php\/wp-json\/wp\/v2\/product"}],"about":[{"href":"https:\/\/abinox-chr-clim.com\/index.php\/wp-json\/wp\/v2\/types\/product"}],"replies":[{"embeddable":true,"href":"https:\/\/abinox-chr-clim.com\/index.php\/wp-json\/wp\/v2\/comments?post=64773"}],"wp:featuredmedia":[{"embeddable":true,"href":"https:\/\/abinox-chr-clim.com\/index.php\/wp-json\/wp\/v2\/media\/105017"}],"wp:attachment":[{"href":"https:\/\/abinox-chr-clim.com\/index.php\/wp-json\/wp\/v2\/media?parent=64773"}],"wp:term":[{"taxonomy":"product_brand","embeddable":true,"href":"https:\/\/abinox-chr-clim.com\/index.php\/wp-json\/wp\/v2\/product_brand?post=64773"},{"taxonomy":"product_cat","embeddable":true,"href":"https:\/\/abinox-chr-clim.com\/index.php\/wp-json\/wp\/v2\/product_cat?post=64773"},{"taxonomy":"product_tag","embeddable":true,"href":"https:\/\/abinox-chr-clim.com\/index.php\/wp-json\/wp\/v2\/product_tag?post=64773"}],"curies":[{"name":"wp","href":"https:\/\/api.w.org\/{rel}","templated":true}]}}