{"id":64728,"date":"2024-03-22T13:32:41","date_gmt":"2024-03-22T12:32:41","guid":{"rendered":"https:\/\/abinox-chr-clim.com\/index.php\/product\/cuilleres-a-moka-amefa-baguette-lot-de-12\/"},"modified":"2026-04-02T09:44:19","modified_gmt":"2026-04-02T07:44:19","slug":"cuilleres-a-moka-amefa-baguette-lot-de-12","status":"publish","type":"product","link":"https:\/\/abinox-chr-clim.com\/index.php\/product\/cuilleres-a-moka-amefa-baguette-lot-de-12\/","title":{"rendered":"Cuill\u00e8res \u00e0 moka Amefa Baguette (Lot de 12)"},"content":{"rendered":"<p>Couverts parfaitement \u00e9quilibr\u00e9s pour une bonne pr\u00e9hension. Design simple et classique. Finition miroir poli pour un rendu lisse et \u00e9l\u00e9gant. Faciles \u00e0 nettoyer. Epaisseur : 2,5 mm.<br \/>Design simple et classique. Faciles \u00e0 nettoyer. Couverts parfaitement \u00e9quilibr\u00e9s pour une bonne pr\u00e9hension. Finition miroir poli pour un rendu lisse et \u00e9l\u00e9gant. Mat\u00e9riau 2,5 mm d&rsquo;\u00e9paisseur.  Design simple et classique.<\/p>\n<p>Caract\u00e9ristiques :<br \/>Lot : 12.<br \/> Dimensions : 33(H) x 33(L) x 125(L) mm.<br \/> Mati\u00e8re : Inox 18\/0<\/p>\n","protected":false},"excerpt":{"rendered":"<p>Cuill\u00e8res \u00e0 moka Amefa Baguette (Lot de 12)<\/p>\n","protected":false},"featured_media":94168,"comment_status":"closed","ping_status":"closed","template":"","meta":[],"product_brand":[],"product_cat":[1032,1023,1031,1297],"product_tag":[],"class_list":{"0":"post-64728","1":"product","2":"type-product","3":"status-publish","4":"has-post-thumbnail","6":"product_cat-amefa","7":"product_cat-art-de-la-table","8":"product_cat-couverts","9":"product_cat-non-palettisable","10":"product_shipping_class-free-shipping","12":"first","13":"instock","14":"featured","15":"taxable","16":"shipping-taxable","17":"purchasable","18":"product-type-simple"},"_links":{"self":[{"href":"https:\/\/abinox-chr-clim.com\/index.php\/wp-json\/wp\/v2\/product\/64728","targetHints":{"allow":["GET"]}}],"collection":[{"href":"https:\/\/abinox-chr-clim.com\/index.php\/wp-json\/wp\/v2\/product"}],"about":[{"href":"https:\/\/abinox-chr-clim.com\/index.php\/wp-json\/wp\/v2\/types\/product"}],"replies":[{"embeddable":true,"href":"https:\/\/abinox-chr-clim.com\/index.php\/wp-json\/wp\/v2\/comments?post=64728"}],"wp:featuredmedia":[{"embeddable":true,"href":"https:\/\/abinox-chr-clim.com\/index.php\/wp-json\/wp\/v2\/media\/94168"}],"wp:attachment":[{"href":"https:\/\/abinox-chr-clim.com\/index.php\/wp-json\/wp\/v2\/media?parent=64728"}],"wp:term":[{"taxonomy":"product_brand","embeddable":true,"href":"https:\/\/abinox-chr-clim.com\/index.php\/wp-json\/wp\/v2\/product_brand?post=64728"},{"taxonomy":"product_cat","embeddable":true,"href":"https:\/\/abinox-chr-clim.com\/index.php\/wp-json\/wp\/v2\/product_cat?post=64728"},{"taxonomy":"product_tag","embeddable":true,"href":"https:\/\/abinox-chr-clim.com\/index.php\/wp-json\/wp\/v2\/product_tag?post=64728"}],"curies":[{"name":"wp","href":"https:\/\/api.w.org\/{rel}","templated":true}]}}