{"id":64642,"date":"2024-03-22T13:24:03","date_gmt":"2024-03-22T12:24:03","guid":{"rendered":"https:\/\/abinox-chr-clim.com\/index.php\/product\/moulin-a-poivre-en-bois-fonce-peugeot-180mm\/"},"modified":"2026-04-02T09:02:30","modified_gmt":"2026-04-02T07:02:30","slug":"moulin-a-poivre-en-bois-fonce-peugeot-180mm","status":"publish","type":"product","link":"https:\/\/abinox-chr-clim.com\/index.php\/product\/moulin-a-poivre-en-bois-fonce-peugeot-180mm\/","title":{"rendered":"Moulin \u00e0 poivre en bois fonc\u00e9 Peugeot 180mm"},"content":{"rendered":"<p>Garantie \u00e0 vie contre les d\u00e9fauts de fabrication. Garantie \u00e0 vie contre les d\u00e9fauts de fabrication.<\/p>\n<p>Caract\u00e9ristiques :<br \/> Dimensions : 180(H) mm.<br \/> Mati\u00e8re : Bois fonc\u00e9<\/p>\n","protected":false},"excerpt":{"rendered":"<p>Moulin \u00e0 poivre en bois fonc\u00e9 Peugeot 180mm<\/p>\n","protected":false},"featured_media":100270,"comment_status":"closed","ping_status":"closed","template":"","meta":[],"product_brand":[],"product_cat":[1024,1023,1297,1030],"product_tag":[],"class_list":{"0":"post-64642","1":"product","2":"type-product","3":"status-publish","4":"has-post-thumbnail","6":"product_cat-accessoires-de-table","7":"product_cat-art-de-la-table","8":"product_cat-non-palettisable","9":"product_cat-sel-et-poivre","10":"product_shipping_class-free-shipping","12":"first","13":"instock","14":"featured","15":"taxable","16":"shipping-taxable","17":"purchasable","18":"product-type-simple"},"_links":{"self":[{"href":"https:\/\/abinox-chr-clim.com\/index.php\/wp-json\/wp\/v2\/product\/64642","targetHints":{"allow":["GET"]}}],"collection":[{"href":"https:\/\/abinox-chr-clim.com\/index.php\/wp-json\/wp\/v2\/product"}],"about":[{"href":"https:\/\/abinox-chr-clim.com\/index.php\/wp-json\/wp\/v2\/types\/product"}],"replies":[{"embeddable":true,"href":"https:\/\/abinox-chr-clim.com\/index.php\/wp-json\/wp\/v2\/comments?post=64642"}],"wp:featuredmedia":[{"embeddable":true,"href":"https:\/\/abinox-chr-clim.com\/index.php\/wp-json\/wp\/v2\/media\/100270"}],"wp:attachment":[{"href":"https:\/\/abinox-chr-clim.com\/index.php\/wp-json\/wp\/v2\/media?parent=64642"}],"wp:term":[{"taxonomy":"product_brand","embeddable":true,"href":"https:\/\/abinox-chr-clim.com\/index.php\/wp-json\/wp\/v2\/product_brand?post=64642"},{"taxonomy":"product_cat","embeddable":true,"href":"https:\/\/abinox-chr-clim.com\/index.php\/wp-json\/wp\/v2\/product_cat?post=64642"},{"taxonomy":"product_tag","embeddable":true,"href":"https:\/\/abinox-chr-clim.com\/index.php\/wp-json\/wp\/v2\/product_tag?post=64642"}],"curies":[{"name":"wp","href":"https:\/\/api.w.org\/{rel}","templated":true}]}}