{"id":64631,"date":"2024-03-22T13:23:59","date_gmt":"2024-03-22T12:23:59","guid":{"rendered":"https:\/\/abinox-chr-clim.com\/index.php\/product\/ensemble-de-moulins-a-sel-et-poivre-en-bois-fonce-olympia\/"},"modified":"2026-04-15T08:59:49","modified_gmt":"2026-04-15T06:59:49","slug":"ensemble-de-moulins-a-sel-et-poivre-en-bois-fonce-olympia","status":"publish","type":"product","link":"https:\/\/abinox-chr-clim.com\/index.php\/product\/ensemble-de-moulins-a-sel-et-poivre-en-bois-fonce-olympia\/","title":{"rendered":"Ensemble de moulins \u00e0 sel et poivre en bois fonc\u00e9 Olympia"},"content":{"rendered":"<p>M\u00e9canisme puissant en c\u00e9ramique. M\u00e9canisme puissant en c\u00e9ramique.<\/p>\n<p>Caract\u00e9ristiques :<br \/> Dimensions : 115(H) mm.<br \/> Mati\u00e8re : Bois fonc\u00e9<\/p>\n","protected":false},"excerpt":{"rendered":"<p>Ensemble de moulins \u00e0 sel et poivre en bois fonc\u00e9 Olympia<\/p>\n","protected":false},"featured_media":101449,"comment_status":"closed","ping_status":"closed","template":"","meta":[],"product_brand":[],"product_cat":[1024,1023,1297,1030],"product_tag":[],"class_list":{"0":"post-64631","1":"product","2":"type-product","3":"status-publish","4":"has-post-thumbnail","6":"product_cat-accessoires-de-table","7":"product_cat-art-de-la-table","8":"product_cat-non-palettisable","9":"product_cat-sel-et-poivre","10":"product_shipping_class-free-shipping","12":"first","13":"outofstock","14":"featured","15":"taxable","16":"shipping-taxable","17":"purchasable","18":"product-type-simple"},"_links":{"self":[{"href":"https:\/\/abinox-chr-clim.com\/index.php\/wp-json\/wp\/v2\/product\/64631","targetHints":{"allow":["GET"]}}],"collection":[{"href":"https:\/\/abinox-chr-clim.com\/index.php\/wp-json\/wp\/v2\/product"}],"about":[{"href":"https:\/\/abinox-chr-clim.com\/index.php\/wp-json\/wp\/v2\/types\/product"}],"replies":[{"embeddable":true,"href":"https:\/\/abinox-chr-clim.com\/index.php\/wp-json\/wp\/v2\/comments?post=64631"}],"wp:featuredmedia":[{"embeddable":true,"href":"https:\/\/abinox-chr-clim.com\/index.php\/wp-json\/wp\/v2\/media\/101449"}],"wp:attachment":[{"href":"https:\/\/abinox-chr-clim.com\/index.php\/wp-json\/wp\/v2\/media?parent=64631"}],"wp:term":[{"taxonomy":"product_brand","embeddable":true,"href":"https:\/\/abinox-chr-clim.com\/index.php\/wp-json\/wp\/v2\/product_brand?post=64631"},{"taxonomy":"product_cat","embeddable":true,"href":"https:\/\/abinox-chr-clim.com\/index.php\/wp-json\/wp\/v2\/product_cat?post=64631"},{"taxonomy":"product_tag","embeddable":true,"href":"https:\/\/abinox-chr-clim.com\/index.php\/wp-json\/wp\/v2\/product_tag?post=64631"}],"curies":[{"name":"wp","href":"https:\/\/api.w.org\/{rel}","templated":true}]}}