{"id":64624,"date":"2024-03-22T13:23:57","date_gmt":"2024-03-22T12:23:57","guid":{"rendered":"https:\/\/abinox-chr-clim.com\/index.php\/product\/moulin-a-poivre-peugeot-bistro-marron-fonce-100mm\/"},"modified":"2026-04-13T07:03:10","modified_gmt":"2026-04-13T05:03:10","slug":"moulin-a-poivre-peugeot-bistro-marron-fonce-100mm","status":"publish","type":"product","link":"https:\/\/abinox-chr-clim.com\/index.php\/product\/moulin-a-poivre-peugeot-bistro-marron-fonce-100mm\/","title":{"rendered":"Moulin \u00e0 poivre Peugeot Bistro marron fonc\u00e9 100mm"},"content":{"rendered":"<p>Caract\u00e9ristiques :<br \/> Dimensions : 100(H)mm.<br \/> Mati\u00e8re : Bois fonc\u00e9<\/p>\n","protected":false},"excerpt":{"rendered":"<p>Moulin \u00e0 poivre Peugeot Bistro marron fonc\u00e9 100mm<\/p>\n","protected":false},"featured_media":91657,"comment_status":"closed","ping_status":"closed","template":"","meta":[],"product_brand":[],"product_cat":[1024,1023,1297,1030],"product_tag":[],"class_list":{"0":"post-64624","1":"product","2":"type-product","3":"status-publish","4":"has-post-thumbnail","6":"product_cat-accessoires-de-table","7":"product_cat-art-de-la-table","8":"product_cat-non-palettisable","9":"product_cat-sel-et-poivre","10":"product_shipping_class-free-shipping","12":"first","13":"outofstock","14":"featured","15":"taxable","16":"shipping-taxable","17":"purchasable","18":"product-type-simple"},"_links":{"self":[{"href":"https:\/\/abinox-chr-clim.com\/index.php\/wp-json\/wp\/v2\/product\/64624","targetHints":{"allow":["GET"]}}],"collection":[{"href":"https:\/\/abinox-chr-clim.com\/index.php\/wp-json\/wp\/v2\/product"}],"about":[{"href":"https:\/\/abinox-chr-clim.com\/index.php\/wp-json\/wp\/v2\/types\/product"}],"replies":[{"embeddable":true,"href":"https:\/\/abinox-chr-clim.com\/index.php\/wp-json\/wp\/v2\/comments?post=64624"}],"wp:featuredmedia":[{"embeddable":true,"href":"https:\/\/abinox-chr-clim.com\/index.php\/wp-json\/wp\/v2\/media\/91657"}],"wp:attachment":[{"href":"https:\/\/abinox-chr-clim.com\/index.php\/wp-json\/wp\/v2\/media?parent=64624"}],"wp:term":[{"taxonomy":"product_brand","embeddable":true,"href":"https:\/\/abinox-chr-clim.com\/index.php\/wp-json\/wp\/v2\/product_brand?post=64624"},{"taxonomy":"product_cat","embeddable":true,"href":"https:\/\/abinox-chr-clim.com\/index.php\/wp-json\/wp\/v2\/product_cat?post=64624"},{"taxonomy":"product_tag","embeddable":true,"href":"https:\/\/abinox-chr-clim.com\/index.php\/wp-json\/wp\/v2\/product_tag?post=64624"}],"curies":[{"name":"wp","href":"https:\/\/api.w.org\/{rel}","templated":true}]}}