{"id":64617,"date":"2024-03-22T13:23:56","date_gmt":"2024-03-22T12:23:56","guid":{"rendered":"https:\/\/abinox-chr-clim.com\/index.php\/product\/pots-sel-et-poivre-olympia\/"},"modified":"2026-03-10T10:43:56","modified_gmt":"2026-03-10T09:43:56","slug":"pots-sel-et-poivre-olympia","status":"publish","type":"product","link":"https:\/\/abinox-chr-clim.com\/index.php\/product\/pots-sel-et-poivre-olympia\/","title":{"rendered":"Pots sel et poivre Olympia"},"content":{"rendered":"<p>Parfait pour garder les tables ordonn\u00e9es. Les deux pots s&rsquo;ins\u00e8rent parfaitement dans le support en bois. Peut \u00e9galement servir pour les confitures au petit-d\u00e9jeuner. Design original et \u00e9l\u00e9gant. Longueur cuill\u00e8re : 75mm.  Parfait pour garder les tables ordonn\u00e9es.<\/p>\n<p>Caract\u00e9ristiques :<br \/> Dimensions : 42(H) x 125(L) x 70(P) mm.<br \/> Mati\u00e8re : Bois \/ verre<\/p>\n","protected":false},"excerpt":{"rendered":"<p>Pots sel et poivre Olympia<\/p>\n","protected":false},"featured_media":84739,"comment_status":"closed","ping_status":"closed","template":"","meta":[],"product_brand":[],"product_cat":[1024,1023,1297,1030],"product_tag":[],"class_list":{"0":"post-64617","1":"product","2":"type-product","3":"status-publish","4":"has-post-thumbnail","6":"product_cat-accessoires-de-table","7":"product_cat-art-de-la-table","8":"product_cat-non-palettisable","9":"product_cat-sel-et-poivre","10":"product_shipping_class-free-shipping","12":"first","13":"outofstock","14":"featured","15":"taxable","16":"shipping-taxable","17":"purchasable","18":"product-type-simple"},"_links":{"self":[{"href":"https:\/\/abinox-chr-clim.com\/index.php\/wp-json\/wp\/v2\/product\/64617","targetHints":{"allow":["GET"]}}],"collection":[{"href":"https:\/\/abinox-chr-clim.com\/index.php\/wp-json\/wp\/v2\/product"}],"about":[{"href":"https:\/\/abinox-chr-clim.com\/index.php\/wp-json\/wp\/v2\/types\/product"}],"replies":[{"embeddable":true,"href":"https:\/\/abinox-chr-clim.com\/index.php\/wp-json\/wp\/v2\/comments?post=64617"}],"wp:featuredmedia":[{"embeddable":true,"href":"https:\/\/abinox-chr-clim.com\/index.php\/wp-json\/wp\/v2\/media\/84739"}],"wp:attachment":[{"href":"https:\/\/abinox-chr-clim.com\/index.php\/wp-json\/wp\/v2\/media?parent=64617"}],"wp:term":[{"taxonomy":"product_brand","embeddable":true,"href":"https:\/\/abinox-chr-clim.com\/index.php\/wp-json\/wp\/v2\/product_brand?post=64617"},{"taxonomy":"product_cat","embeddable":true,"href":"https:\/\/abinox-chr-clim.com\/index.php\/wp-json\/wp\/v2\/product_cat?post=64617"},{"taxonomy":"product_tag","embeddable":true,"href":"https:\/\/abinox-chr-clim.com\/index.php\/wp-json\/wp\/v2\/product_tag?post=64617"}],"curies":[{"name":"wp","href":"https:\/\/api.w.org\/{rel}","templated":true}]}}