{"id":64610,"date":"2024-03-22T13:23:54","date_gmt":"2024-03-22T12:23:54","guid":{"rendered":"https:\/\/abinox-chr-clim.com\/index.php\/product\/moulin-sel-ou-poivre-acrylique-olympia-102mm\/"},"modified":"2026-04-02T08:33:58","modified_gmt":"2026-04-02T06:33:58","slug":"moulin-sel-ou-poivre-acrylique-olympia-102mm","status":"publish","type":"product","link":"https:\/\/abinox-chr-clim.com\/index.php\/product\/moulin-sel-ou-poivre-acrylique-olympia-102mm\/","title":{"rendered":"Moulin sel ou poivre acrylique Olympia 102mm"},"content":{"rendered":"<p>En acrylique.<br \/>Le m\u00e9canisme puissant moud le sel et le poivre avec facilit\u00e9. Le mat\u00e9riau acrylique offre une excellente r\u00e9sistance \u00e0 l&rsquo;usure g\u00e9n\u00e9rale. La conception facile \u00e0 utiliser permet aux clients de distribuer le sel ou le poivre en toute simplicit\u00e9. Le design \u00e9l\u00e9gant permet d&#8217;embellir n&rsquo;importe quel d\u00e9cor de table. Le design compact ne prend pas trop de place sur votre table.  Le m\u00e9canisme puissant moud le sel et le poivre avec facilit\u00e9.<\/p>\n<p>Caract\u00e9ristiques :<br \/> Dimensions : 102(H)x 61(\u00d8)mm.<br \/> Mati\u00e8re : Acrylique.<br \/> Couleur : Transparent.<\/p>\n","protected":false},"excerpt":{"rendered":"<p>Moulin sel ou poivre acrylique Olympia 102mm<\/p>\n","protected":false},"featured_media":82251,"comment_status":"closed","ping_status":"closed","template":"","meta":[],"product_brand":[],"product_cat":[1024,1023,1297,1030],"product_tag":[],"class_list":{"0":"post-64610","1":"product","2":"type-product","3":"status-publish","4":"has-post-thumbnail","6":"product_cat-accessoires-de-table","7":"product_cat-art-de-la-table","8":"product_cat-non-palettisable","9":"product_cat-sel-et-poivre","10":"product_shipping_class-free-shipping","12":"first","13":"instock","14":"featured","15":"taxable","16":"shipping-taxable","17":"purchasable","18":"product-type-simple"},"_links":{"self":[{"href":"https:\/\/abinox-chr-clim.com\/index.php\/wp-json\/wp\/v2\/product\/64610","targetHints":{"allow":["GET"]}}],"collection":[{"href":"https:\/\/abinox-chr-clim.com\/index.php\/wp-json\/wp\/v2\/product"}],"about":[{"href":"https:\/\/abinox-chr-clim.com\/index.php\/wp-json\/wp\/v2\/types\/product"}],"replies":[{"embeddable":true,"href":"https:\/\/abinox-chr-clim.com\/index.php\/wp-json\/wp\/v2\/comments?post=64610"}],"wp:featuredmedia":[{"embeddable":true,"href":"https:\/\/abinox-chr-clim.com\/index.php\/wp-json\/wp\/v2\/media\/82251"}],"wp:attachment":[{"href":"https:\/\/abinox-chr-clim.com\/index.php\/wp-json\/wp\/v2\/media?parent=64610"}],"wp:term":[{"taxonomy":"product_brand","embeddable":true,"href":"https:\/\/abinox-chr-clim.com\/index.php\/wp-json\/wp\/v2\/product_brand?post=64610"},{"taxonomy":"product_cat","embeddable":true,"href":"https:\/\/abinox-chr-clim.com\/index.php\/wp-json\/wp\/v2\/product_cat?post=64610"},{"taxonomy":"product_tag","embeddable":true,"href":"https:\/\/abinox-chr-clim.com\/index.php\/wp-json\/wp\/v2\/product_tag?post=64610"}],"curies":[{"name":"wp","href":"https:\/\/api.w.org\/{rel}","templated":true}]}}