{"id":64601,"date":"2024-03-22T13:23:49","date_gmt":"2024-03-22T12:23:49","guid":{"rendered":"https:\/\/abinox-chr-clim.com\/index.php\/product\/moulin-a-poivre-acrylique-cole-mason-capstan\/"},"modified":"2026-04-24T08:41:55","modified_gmt":"2026-04-24T06:41:55","slug":"moulin-a-poivre-acrylique-cole-mason-capstan","status":"publish","type":"product","link":"https:\/\/abinox-chr-clim.com\/index.php\/product\/moulin-a-poivre-acrylique-cole-mason-capstan\/","title":{"rendered":"Moulin \u00e0 poivre acrylique Cole &#038; Mason Capstan"},"content":{"rendered":"<p>Acrylique transparent de haute qualit\u00e9 garanti \u00e0 vie pour le m\u00e9canisme du moulin. Le m\u00e9canisme du poivrier est r\u00e9glable pour une mouture fine ou grossi\u00e8re. Hauteur 85 mm.<br \/>Convient parfaitement aux environement traditionnels et modernes. Tous les m\u00e9canismes sont garantis \u00e0 vie.M\u00e9canisme r\u00e9glable pour une mouture concass\u00e9e ou fine. Convient parfaitement aux environement traditionnels et modernes. .<br \/> Caract\u00e9ristiques :<br \/> Dimensions : 85(H) mm.<br \/> Mati\u00e8re : Acrylique.<br \/> Couleur : Transparent.<\/p>\n","protected":false},"excerpt":{"rendered":"<p>Moulin \u00e0 poivre acrylique Cole &#038; Mason Capstan<\/p>\n","protected":false},"featured_media":79675,"comment_status":"closed","ping_status":"closed","template":"","meta":[],"product_brand":[],"product_cat":[1024,1023,1297,1030],"product_tag":[],"class_list":{"0":"post-64601","1":"product","2":"type-product","3":"status-publish","4":"has-post-thumbnail","6":"product_cat-accessoires-de-table","7":"product_cat-art-de-la-table","8":"product_cat-non-palettisable","9":"product_cat-sel-et-poivre","10":"product_shipping_class-free-shipping","12":"first","13":"instock","14":"featured","15":"taxable","16":"shipping-taxable","17":"purchasable","18":"product-type-simple"},"_links":{"self":[{"href":"https:\/\/abinox-chr-clim.com\/index.php\/wp-json\/wp\/v2\/product\/64601","targetHints":{"allow":["GET"]}}],"collection":[{"href":"https:\/\/abinox-chr-clim.com\/index.php\/wp-json\/wp\/v2\/product"}],"about":[{"href":"https:\/\/abinox-chr-clim.com\/index.php\/wp-json\/wp\/v2\/types\/product"}],"replies":[{"embeddable":true,"href":"https:\/\/abinox-chr-clim.com\/index.php\/wp-json\/wp\/v2\/comments?post=64601"}],"wp:featuredmedia":[{"embeddable":true,"href":"https:\/\/abinox-chr-clim.com\/index.php\/wp-json\/wp\/v2\/media\/79675"}],"wp:attachment":[{"href":"https:\/\/abinox-chr-clim.com\/index.php\/wp-json\/wp\/v2\/media?parent=64601"}],"wp:term":[{"taxonomy":"product_brand","embeddable":true,"href":"https:\/\/abinox-chr-clim.com\/index.php\/wp-json\/wp\/v2\/product_brand?post=64601"},{"taxonomy":"product_cat","embeddable":true,"href":"https:\/\/abinox-chr-clim.com\/index.php\/wp-json\/wp\/v2\/product_cat?post=64601"},{"taxonomy":"product_tag","embeddable":true,"href":"https:\/\/abinox-chr-clim.com\/index.php\/wp-json\/wp\/v2\/product_tag?post=64601"}],"curies":[{"name":"wp","href":"https:\/\/api.w.org\/{rel}","templated":true}]}}