{"id":64589,"date":"2024-03-22T13:23:47","date_gmt":"2024-03-22T12:23:47","guid":{"rendered":"https:\/\/abinox-chr-clim.com\/index.php\/product\/couvercle-pour-plat-a-legumes-ovale-olympia-250mm-adapte-a-p179-et-p185\/"},"modified":"2025-06-30T10:04:38","modified_gmt":"2025-06-30T08:04:38","slug":"couvercle-pour-plat-a-legumes-ovale-olympia-250mm-adapte-a-p179-et-p185","status":"publish","type":"product","link":"https:\/\/abinox-chr-clim.com\/index.php\/product\/couvercle-pour-plat-a-legumes-ovale-olympia-250mm-adapte-a-p179-et-p185\/","title":{"rendered":"Couvercle pour plat \u00e0 l\u00e9gumes ovale Olympia 250mm adapt\u00e9 \u00e0 P179 et P185"},"content":{"rendered":"<p>Acier inoxydable. *P247 convient \u00e9galement pour le plat de service de 51 cm.<\/p>\n<p>Caract\u00e9ristiques :<br \/> Dimensions : 28(H) x 245(L) x 170(P)mm.<br \/> Mati\u00e8re : Acier inoxydable.<br \/> Couleur : Argent.<\/p>\n","protected":false},"excerpt":{"rendered":"<p>Couvercle pour plat \u00e0 l\u00e9gumes ovale Olympia 250mm adapt\u00e9 \u00e0 P179 et P185<\/p>\n","protected":false},"featured_media":100313,"comment_status":"closed","ping_status":"closed","template":"","meta":[],"product_brand":[],"product_cat":[1024,1023,1297,1029],"product_tag":[],"class_list":{"0":"post-64589","1":"product","2":"type-product","3":"status-publish","4":"has-post-thumbnail","6":"product_cat-accessoires-de-table","7":"product_cat-art-de-la-table","8":"product_cat-non-palettisable","9":"product_cat-presentation","10":"product_shipping_class-free-shipping","12":"first","13":"outofstock","14":"featured","15":"taxable","16":"shipping-taxable","17":"purchasable","18":"product-type-simple"},"_links":{"self":[{"href":"https:\/\/abinox-chr-clim.com\/index.php\/wp-json\/wp\/v2\/product\/64589","targetHints":{"allow":["GET"]}}],"collection":[{"href":"https:\/\/abinox-chr-clim.com\/index.php\/wp-json\/wp\/v2\/product"}],"about":[{"href":"https:\/\/abinox-chr-clim.com\/index.php\/wp-json\/wp\/v2\/types\/product"}],"replies":[{"embeddable":true,"href":"https:\/\/abinox-chr-clim.com\/index.php\/wp-json\/wp\/v2\/comments?post=64589"}],"wp:featuredmedia":[{"embeddable":true,"href":"https:\/\/abinox-chr-clim.com\/index.php\/wp-json\/wp\/v2\/media\/100313"}],"wp:attachment":[{"href":"https:\/\/abinox-chr-clim.com\/index.php\/wp-json\/wp\/v2\/media?parent=64589"}],"wp:term":[{"taxonomy":"product_brand","embeddable":true,"href":"https:\/\/abinox-chr-clim.com\/index.php\/wp-json\/wp\/v2\/product_brand?post=64589"},{"taxonomy":"product_cat","embeddable":true,"href":"https:\/\/abinox-chr-clim.com\/index.php\/wp-json\/wp\/v2\/product_cat?post=64589"},{"taxonomy":"product_tag","embeddable":true,"href":"https:\/\/abinox-chr-clim.com\/index.php\/wp-json\/wp\/v2\/product_tag?post=64589"}],"curies":[{"name":"wp","href":"https:\/\/api.w.org\/{rel}","templated":true}]}}