{"id":64577,"date":"2024-03-22T13:23:44","date_gmt":"2024-03-22T12:23:44","guid":{"rendered":"https:\/\/abinox-chr-clim.com\/index.php\/product\/planche-en-acacia-ronde-olympia-330mm\/"},"modified":"2026-04-15T09:34:39","modified_gmt":"2026-04-15T07:34:39","slug":"planche-en-acacia-ronde-olympia-330mm","status":"publish","type":"product","link":"https:\/\/abinox-chr-clim.com\/index.php\/product\/planche-en-acacia-ronde-olympia-330mm\/","title":{"rendered":"Planche en acacia ronde Olympia 330mm"},"content":{"rendered":"<p>Planche en acacia ronde, veines apparentes, finition rustique huil\u00e9e.  Parfaite pour les pizzas ou plateaux \u00e0 partager. Lien en cuir attach\u00e9.<br \/>Le bois d&rsquo;acacia donne \u00e0 la planche un aspect authentique. \u00c9tiquette en cuir attach\u00e9e pour un rangement facile. Lavage \u00e0 la main uniquement. Huilez r\u00e9guli\u00e8rement. Nettoyer avec un chiffon humide. Ne pas immerger dans l&rsquo;eau. La construction monobloc en bois offre une excellente durabilit\u00e9. La poign\u00e9e permet un transport s\u00fbr et confortable. Le bois clair permet de mettre en valeur les ingr\u00e9dients color\u00e9s.Le bois d&rsquo;acacia donne \u00e0 la planche un aspect authentique.<\/p>\n<p>Caract\u00e9ristiques :<br \/> Dimensions : 15(H) x 330(\u00d8)mm.<br \/> Mati\u00e8re : Acacia.<br \/> Couleur : Bois d&rsquo;acacia.<\/p>\n","protected":false},"excerpt":{"rendered":"<p>Planche en acacia ronde Olympia 330mm<\/p>\n","protected":false},"featured_media":102211,"comment_status":"closed","ping_status":"closed","template":"","meta":[],"product_brand":[],"product_cat":[1024,1023,1297,1029],"product_tag":[],"class_list":{"0":"post-64577","1":"product","2":"type-product","3":"status-publish","4":"has-post-thumbnail","6":"product_cat-accessoires-de-table","7":"product_cat-art-de-la-table","8":"product_cat-non-palettisable","9":"product_cat-presentation","10":"product_shipping_class-free-shipping","12":"first","13":"instock","14":"featured","15":"taxable","16":"shipping-taxable","17":"purchasable","18":"product-type-simple"},"_links":{"self":[{"href":"https:\/\/abinox-chr-clim.com\/index.php\/wp-json\/wp\/v2\/product\/64577","targetHints":{"allow":["GET"]}}],"collection":[{"href":"https:\/\/abinox-chr-clim.com\/index.php\/wp-json\/wp\/v2\/product"}],"about":[{"href":"https:\/\/abinox-chr-clim.com\/index.php\/wp-json\/wp\/v2\/types\/product"}],"replies":[{"embeddable":true,"href":"https:\/\/abinox-chr-clim.com\/index.php\/wp-json\/wp\/v2\/comments?post=64577"}],"wp:featuredmedia":[{"embeddable":true,"href":"https:\/\/abinox-chr-clim.com\/index.php\/wp-json\/wp\/v2\/media\/102211"}],"wp:attachment":[{"href":"https:\/\/abinox-chr-clim.com\/index.php\/wp-json\/wp\/v2\/media?parent=64577"}],"wp:term":[{"taxonomy":"product_brand","embeddable":true,"href":"https:\/\/abinox-chr-clim.com\/index.php\/wp-json\/wp\/v2\/product_brand?post=64577"},{"taxonomy":"product_cat","embeddable":true,"href":"https:\/\/abinox-chr-clim.com\/index.php\/wp-json\/wp\/v2\/product_cat?post=64577"},{"taxonomy":"product_tag","embeddable":true,"href":"https:\/\/abinox-chr-clim.com\/index.php\/wp-json\/wp\/v2\/product_tag?post=64577"}],"curies":[{"name":"wp","href":"https:\/\/api.w.org\/{rel}","templated":true}]}}