{"id":64557,"date":"2024-03-22T13:23:38","date_gmt":"2024-03-22T12:23:38","guid":{"rendered":"https:\/\/abinox-chr-clim.com\/index.php\/product\/paniere-alimentaire-ovale-en-polypropylene-olympia-rouge-lot-de-6\/"},"modified":"2026-04-14T09:45:53","modified_gmt":"2026-04-14T07:45:53","slug":"paniere-alimentaire-ovale-en-polypropylene-olympia-rouge-lot-de-6","status":"publish","type":"product","link":"https:\/\/abinox-chr-clim.com\/index.php\/product\/paniere-alimentaire-ovale-en-polypropylene-olympia-rouge-lot-de-6\/","title":{"rendered":"Pani\u00e8re alimentaire ovale en polypropyl\u00e8ne Olympia rouge (Lot de 6)"},"content":{"rendered":"<p>Corbeilles de service en polypropyl\u00e8ne pour pr\u00e9senter toutes sortes d&rsquo;aliments. Compatibles micro-ondes, cong\u00e9lateur et lave-vaisselle. 40(H) x 275(L) x 175(P)mm.<br \/>Compatible micro-ondes, cong\u00e9lateur et lave-vaisselle. Compatible micro-ondes, cong\u00e9lateur et lave-vaisselle.<\/p>\n<p>Caract\u00e9ristiques :<br \/>Lot : 6.<br \/> Dimensions : 275x 175mm.<br \/> Mati\u00e8re : Polypropyl\u00e8ne.<br \/> Couleur : Rouge.<\/p>\n","protected":false},"excerpt":{"rendered":"<p>Pani\u00e8re alimentaire ovale en polypropyl\u00e8ne Olympia rouge (Lot de 6)<\/p>\n","protected":false},"featured_media":101848,"comment_status":"closed","ping_status":"closed","template":"","meta":[],"product_brand":[],"product_cat":[1024,1023,1297,1029],"product_tag":[],"class_list":{"0":"post-64557","1":"product","2":"type-product","3":"status-publish","4":"has-post-thumbnail","6":"product_cat-accessoires-de-table","7":"product_cat-art-de-la-table","8":"product_cat-non-palettisable","9":"product_cat-presentation","10":"product_shipping_class-free-shipping","12":"first","13":"instock","14":"featured","15":"taxable","16":"shipping-taxable","17":"purchasable","18":"product-type-simple"},"_links":{"self":[{"href":"https:\/\/abinox-chr-clim.com\/index.php\/wp-json\/wp\/v2\/product\/64557","targetHints":{"allow":["GET"]}}],"collection":[{"href":"https:\/\/abinox-chr-clim.com\/index.php\/wp-json\/wp\/v2\/product"}],"about":[{"href":"https:\/\/abinox-chr-clim.com\/index.php\/wp-json\/wp\/v2\/types\/product"}],"replies":[{"embeddable":true,"href":"https:\/\/abinox-chr-clim.com\/index.php\/wp-json\/wp\/v2\/comments?post=64557"}],"wp:featuredmedia":[{"embeddable":true,"href":"https:\/\/abinox-chr-clim.com\/index.php\/wp-json\/wp\/v2\/media\/101848"}],"wp:attachment":[{"href":"https:\/\/abinox-chr-clim.com\/index.php\/wp-json\/wp\/v2\/media?parent=64557"}],"wp:term":[{"taxonomy":"product_brand","embeddable":true,"href":"https:\/\/abinox-chr-clim.com\/index.php\/wp-json\/wp\/v2\/product_brand?post=64557"},{"taxonomy":"product_cat","embeddable":true,"href":"https:\/\/abinox-chr-clim.com\/index.php\/wp-json\/wp\/v2\/product_cat?post=64557"},{"taxonomy":"product_tag","embeddable":true,"href":"https:\/\/abinox-chr-clim.com\/index.php\/wp-json\/wp\/v2\/product_tag?post=64557"}],"curies":[{"name":"wp","href":"https:\/\/api.w.org\/{rel}","templated":true}]}}