{"id":64551,"date":"2024-03-22T13:23:36","date_gmt":"2024-03-22T12:23:36","guid":{"rendered":"https:\/\/abinox-chr-clim.com\/index.php\/product\/bouteille-dhuile-dolive-olympia-lot-de-6\/"},"modified":"2026-04-14T09:01:38","modified_gmt":"2026-04-14T07:01:38","slug":"bouteille-dhuile-dolive-olympia-lot-de-6","status":"publish","type":"product","link":"https:\/\/abinox-chr-clim.com\/index.php\/product\/bouteille-dhuile-dolive-olympia-lot-de-6\/","title":{"rendered":"Bouteille d&rsquo;huile d&rsquo;olive Olympia (Lot de 6)"},"content":{"rendered":"<p>Le bouchon de protection permet de conserver vos vinaigres ou huiles en toute s\u00e9curit\u00e9, fra\u00eecheur et de fa\u00e7on hygi\u00e9nique. Le bec verseur vous permet de contr\u00f4ler totalement la situation et de r\u00e9duire les risques d&rsquo;\u00e9gouttures ou de d\u00e9versements. La capacit\u00e9 de 500 ml est la taille parfaite pour \u00eatre pos\u00e9e sur une table. Verre ultra-clair pour identifier rapidement le contenu ou savoir si la bouteille est vide. Lavable au lave-vaisselle pour \u00e9conomiser du temps et des efforts lors du nettoyage.  Le bouchon de protection permet de conserver vos vinaigres ou huiles en toute s\u00e9curit\u00e9, fra\u00eecheur et de fa\u00e7on hygi\u00e9nique.<\/p>\n<p>Caract\u00e9ristiques :<br \/>Lot : 6.<br \/> Dimensions : 305(H)x 57(L)x 57(P)mm.<br \/> Mati\u00e8re : Verre<\/p>\n","protected":false},"excerpt":{"rendered":"<p>Bouteille d&rsquo;huile d&rsquo;olive Olympia (Lot de 6)<\/p>\n","protected":false},"featured_media":101673,"comment_status":"closed","ping_status":"closed","template":"","meta":[],"product_brand":[],"product_cat":[1024,1023,1297,1029],"product_tag":[],"class_list":{"0":"post-64551","1":"product","2":"type-product","3":"status-publish","4":"has-post-thumbnail","6":"product_cat-accessoires-de-table","7":"product_cat-art-de-la-table","8":"product_cat-non-palettisable","9":"product_cat-presentation","10":"product_shipping_class-free-shipping","12":"first","13":"outofstock","14":"featured","15":"taxable","16":"shipping-taxable","17":"purchasable","18":"product-type-simple"},"_links":{"self":[{"href":"https:\/\/abinox-chr-clim.com\/index.php\/wp-json\/wp\/v2\/product\/64551","targetHints":{"allow":["GET"]}}],"collection":[{"href":"https:\/\/abinox-chr-clim.com\/index.php\/wp-json\/wp\/v2\/product"}],"about":[{"href":"https:\/\/abinox-chr-clim.com\/index.php\/wp-json\/wp\/v2\/types\/product"}],"replies":[{"embeddable":true,"href":"https:\/\/abinox-chr-clim.com\/index.php\/wp-json\/wp\/v2\/comments?post=64551"}],"wp:featuredmedia":[{"embeddable":true,"href":"https:\/\/abinox-chr-clim.com\/index.php\/wp-json\/wp\/v2\/media\/101673"}],"wp:attachment":[{"href":"https:\/\/abinox-chr-clim.com\/index.php\/wp-json\/wp\/v2\/media?parent=64551"}],"wp:term":[{"taxonomy":"product_brand","embeddable":true,"href":"https:\/\/abinox-chr-clim.com\/index.php\/wp-json\/wp\/v2\/product_brand?post=64551"},{"taxonomy":"product_cat","embeddable":true,"href":"https:\/\/abinox-chr-clim.com\/index.php\/wp-json\/wp\/v2\/product_cat?post=64551"},{"taxonomy":"product_tag","embeddable":true,"href":"https:\/\/abinox-chr-clim.com\/index.php\/wp-json\/wp\/v2\/product_tag?post=64551"}],"curies":[{"name":"wp","href":"https:\/\/api.w.org\/{rel}","templated":true}]}}