{"id":64541,"date":"2024-03-22T13:23:32","date_gmt":"2024-03-22T12:23:32","guid":{"rendered":"https:\/\/abinox-chr-clim.com\/index.php\/product\/plat-en-fonte-ovale-olympia-240x140mm\/"},"modified":"2026-04-14T09:45:49","modified_gmt":"2026-04-14T07:45:49","slug":"plat-en-fonte-ovale-olympia-240x140mm","status":"publish","type":"product","link":"https:\/\/abinox-chr-clim.com\/index.php\/product\/plat-en-fonte-ovale-olympia-240x140mm\/","title":{"rendered":"Plat en fonte ovale Olympia 240x140mm"},"content":{"rendered":"<p>Compatible avec l&rsquo;induction Oui. Permet \u00e0 la fois de cuire et de pr\u00e9senter les aliments, pour une pr\u00e9sentation attrayante. Peut \u00eatre utilis\u00e9 sur les plaques de cuisson \u00e0 gaz et \u00e0 induction. Peut \u00eatre utilis\u00e9 avec un socle en bois pour ne pas endommager votre table. Conserve bien la chaleur pour garder les aliments au chaud. Poign\u00e9e amovible pour se transformer en assiette. La fonte est incroyablement durable.N&rsquo;attache pas si correctement culott\u00e9. Compatible avec l&rsquo;induction Oui.<\/p>\n<p>Caract\u00e9ristiques :<br \/> Dimensions : 240(L)x 140(P)mm.<br \/> Mati\u00e8re : Fonte<\/p>\n","protected":false},"excerpt":{"rendered":"<p>Plat en fonte ovale Olympia 240x140mm<\/p>\n","protected":false},"featured_media":101568,"comment_status":"closed","ping_status":"closed","template":"","meta":[],"product_brand":[],"product_cat":[1024,1023,1297,1029],"product_tag":[],"class_list":{"0":"post-64541","1":"product","2":"type-product","3":"status-publish","4":"has-post-thumbnail","6":"product_cat-accessoires-de-table","7":"product_cat-art-de-la-table","8":"product_cat-non-palettisable","9":"product_cat-presentation","10":"product_shipping_class-free-shipping","12":"first","13":"instock","14":"featured","15":"taxable","16":"shipping-taxable","17":"purchasable","18":"product-type-simple"},"_links":{"self":[{"href":"https:\/\/abinox-chr-clim.com\/index.php\/wp-json\/wp\/v2\/product\/64541","targetHints":{"allow":["GET"]}}],"collection":[{"href":"https:\/\/abinox-chr-clim.com\/index.php\/wp-json\/wp\/v2\/product"}],"about":[{"href":"https:\/\/abinox-chr-clim.com\/index.php\/wp-json\/wp\/v2\/types\/product"}],"replies":[{"embeddable":true,"href":"https:\/\/abinox-chr-clim.com\/index.php\/wp-json\/wp\/v2\/comments?post=64541"}],"wp:featuredmedia":[{"embeddable":true,"href":"https:\/\/abinox-chr-clim.com\/index.php\/wp-json\/wp\/v2\/media\/101568"}],"wp:attachment":[{"href":"https:\/\/abinox-chr-clim.com\/index.php\/wp-json\/wp\/v2\/media?parent=64541"}],"wp:term":[{"taxonomy":"product_brand","embeddable":true,"href":"https:\/\/abinox-chr-clim.com\/index.php\/wp-json\/wp\/v2\/product_brand?post=64541"},{"taxonomy":"product_cat","embeddable":true,"href":"https:\/\/abinox-chr-clim.com\/index.php\/wp-json\/wp\/v2\/product_cat?post=64541"},{"taxonomy":"product_tag","embeddable":true,"href":"https:\/\/abinox-chr-clim.com\/index.php\/wp-json\/wp\/v2\/product_tag?post=64541"}],"curies":[{"name":"wp","href":"https:\/\/api.w.org\/{rel}","templated":true}]}}