{"id":64503,"date":"2024-03-22T13:23:22","date_gmt":"2024-03-22T12:23:22","guid":{"rendered":"https:\/\/abinox-chr-clim.com\/index.php\/product\/recipient-boite-de-conserve-en-acier-galvanise-olympia\/"},"modified":"2026-04-11T09:36:25","modified_gmt":"2026-04-11T07:36:25","slug":"recipient-boite-de-conserve-en-acier-galvanise-olympia","status":"publish","type":"product","link":"https:\/\/abinox-chr-clim.com\/index.php\/product\/recipient-boite-de-conserve-en-acier-galvanise-olympia\/","title":{"rendered":"R\u00e9cipient bo\u00eete de conserve en acier galvanis\u00e9 Olympia"},"content":{"rendered":"<p>R\u00e9cipient en acier galvanis\u00e9 pour pr\u00e9senter de fa\u00e7on originale frites ou g\u00e2teaux ap\u00e9ritif. 110(H) x 90(\u00d8) mm.<br \/>Pr\u00e9sentation originale et innovante. Un r\u00e9cipient de haute qualit\u00e9 pour le service d&rsquo;aliments tels que les frites et les petits ap\u00e9ritifs. R\u00e9siste \u00e0 la corrosion donc peut \u00eatre lav\u00e9 &#8211; id\u00e9al pour une utilisation quotidienne. Id\u00e9al pour apporter un style bistro-gastro, \u00e0 foncer avec du papier sulfuris\u00e9. Pr\u00e9sentation originale et innovante.<\/p>\n<p>Caract\u00e9ristiques :<br \/> Capacit\u00e9 : 66 cl.<br \/> Dimensions : 110(H) x 90(\u00d8) mm.<br \/> Mati\u00e8re : Acier galvanis\u00e9.<br \/> Couleur : Argent.<\/p>\n","protected":false},"excerpt":{"rendered":"<p>R\u00e9cipient bo\u00eete de conserve en acier galvanis\u00e9 Olympia<\/p>\n","protected":false},"featured_media":85338,"comment_status":"closed","ping_status":"closed","template":"","meta":[],"product_brand":[],"product_cat":[1024,1023,1297,1029],"product_tag":[],"class_list":{"0":"post-64503","1":"product","2":"type-product","3":"status-publish","4":"has-post-thumbnail","6":"product_cat-accessoires-de-table","7":"product_cat-art-de-la-table","8":"product_cat-non-palettisable","9":"product_cat-presentation","10":"product_shipping_class-free-shipping","12":"first","13":"instock","14":"featured","15":"taxable","16":"shipping-taxable","17":"purchasable","18":"product-type-simple"},"_links":{"self":[{"href":"https:\/\/abinox-chr-clim.com\/index.php\/wp-json\/wp\/v2\/product\/64503","targetHints":{"allow":["GET"]}}],"collection":[{"href":"https:\/\/abinox-chr-clim.com\/index.php\/wp-json\/wp\/v2\/product"}],"about":[{"href":"https:\/\/abinox-chr-clim.com\/index.php\/wp-json\/wp\/v2\/types\/product"}],"replies":[{"embeddable":true,"href":"https:\/\/abinox-chr-clim.com\/index.php\/wp-json\/wp\/v2\/comments?post=64503"}],"wp:featuredmedia":[{"embeddable":true,"href":"https:\/\/abinox-chr-clim.com\/index.php\/wp-json\/wp\/v2\/media\/85338"}],"wp:attachment":[{"href":"https:\/\/abinox-chr-clim.com\/index.php\/wp-json\/wp\/v2\/media?parent=64503"}],"wp:term":[{"taxonomy":"product_brand","embeddable":true,"href":"https:\/\/abinox-chr-clim.com\/index.php\/wp-json\/wp\/v2\/product_brand?post=64503"},{"taxonomy":"product_cat","embeddable":true,"href":"https:\/\/abinox-chr-clim.com\/index.php\/wp-json\/wp\/v2\/product_cat?post=64503"},{"taxonomy":"product_tag","embeddable":true,"href":"https:\/\/abinox-chr-clim.com\/index.php\/wp-json\/wp\/v2\/product_tag?post=64503"}],"curies":[{"name":"wp","href":"https:\/\/api.w.org\/{rel}","templated":true}]}}