{"id":64470,"date":"2024-03-22T13:23:12","date_gmt":"2024-03-22T12:23:12","guid":{"rendered":"https:\/\/abinox-chr-clim.com\/index.php\/product\/supports-a-pince-inox-pour-numeros-de-table-105mm-lot-de-4\/"},"modified":"2026-04-14T08:41:03","modified_gmt":"2026-04-14T06:41:03","slug":"supports-a-pince-inox-pour-numeros-de-table-105mm-lot-de-4","status":"publish","type":"product","link":"https:\/\/abinox-chr-clim.com\/index.php\/product\/supports-a-pince-inox-pour-numeros-de-table-105mm-lot-de-4\/","title":{"rendered":"Supports \u00e0 pince inox pour num\u00e9ros de table 105mm (Lot de 4)"},"content":{"rendered":"<p>Parfait pour une utilisation avec les num\u00e9ros de table en plastique (GC086). En acier inoxydable durable et r\u00e9sistant \u00e0 la corrosion. Mise en place et enl\u00e8vement des num\u00e9ros faciles et rapides \u00e0 effectuer. Maintien par pince. Livr\u00e9 avec 20 cartes blanches unies.  Parfait pour une utilisation avec les num\u00e9ros de table en plastique (GC086).<\/p>\n<p>Caract\u00e9ristiques :<br \/>Lot : 4.<br \/> Dimensions : 105(H) x 40(L) x 40(P)mm.<br \/> Mati\u00e8re : Acier inoxydable<\/p>\n","protected":false},"excerpt":{"rendered":"<p>Supports \u00e0 pince inox pour num\u00e9ros de table 105mm (Lot de 4)<\/p>\n","protected":false},"featured_media":82712,"comment_status":"closed","ping_status":"closed","template":"","meta":[],"product_brand":[],"product_cat":[1024,1023,1297,1028],"product_tag":[],"class_list":{"0":"post-64470","1":"product","2":"type-product","3":"status-publish","4":"has-post-thumbnail","6":"product_cat-accessoires-de-table","7":"product_cat-art-de-la-table","8":"product_cat-non-palettisable","9":"product_cat-numeros-de-table","10":"product_shipping_class-free-shipping","12":"first","13":"instock","14":"featured","15":"taxable","16":"shipping-taxable","17":"purchasable","18":"product-type-simple"},"_links":{"self":[{"href":"https:\/\/abinox-chr-clim.com\/index.php\/wp-json\/wp\/v2\/product\/64470","targetHints":{"allow":["GET"]}}],"collection":[{"href":"https:\/\/abinox-chr-clim.com\/index.php\/wp-json\/wp\/v2\/product"}],"about":[{"href":"https:\/\/abinox-chr-clim.com\/index.php\/wp-json\/wp\/v2\/types\/product"}],"replies":[{"embeddable":true,"href":"https:\/\/abinox-chr-clim.com\/index.php\/wp-json\/wp\/v2\/comments?post=64470"}],"wp:featuredmedia":[{"embeddable":true,"href":"https:\/\/abinox-chr-clim.com\/index.php\/wp-json\/wp\/v2\/media\/82712"}],"wp:attachment":[{"href":"https:\/\/abinox-chr-clim.com\/index.php\/wp-json\/wp\/v2\/media?parent=64470"}],"wp:term":[{"taxonomy":"product_brand","embeddable":true,"href":"https:\/\/abinox-chr-clim.com\/index.php\/wp-json\/wp\/v2\/product_brand?post=64470"},{"taxonomy":"product_cat","embeddable":true,"href":"https:\/\/abinox-chr-clim.com\/index.php\/wp-json\/wp\/v2\/product_cat?post=64470"},{"taxonomy":"product_tag","embeddable":true,"href":"https:\/\/abinox-chr-clim.com\/index.php\/wp-json\/wp\/v2\/product_tag?post=64470"}],"curies":[{"name":"wp","href":"https:\/\/api.w.org\/{rel}","templated":true}]}}