{"id":64446,"date":"2024-03-22T13:23:05","date_gmt":"2024-03-22T12:23:05","guid":{"rendered":"https:\/\/abinox-chr-clim.com\/index.php\/product\/vases-bouteilles-blancs-140mm-olympia-lot-de-6\/"},"modified":"2026-04-20T08:44:05","modified_gmt":"2026-04-20T06:44:05","slug":"vases-bouteilles-blancs-140mm-olympia-lot-de-6","status":"publish","type":"product","link":"https:\/\/abinox-chr-clim.com\/index.php\/product\/vases-bouteilles-blancs-140mm-olympia-lot-de-6\/","title":{"rendered":"Vases bouteilles blancs 140mm Olympia (Lot de 6)"},"content":{"rendered":"<p>Enti\u00e8rement vitrifi\u00e9 pour une plus grande r\u00e9sistance thermique et aux chocs. Bords arrondis contre l \u00e9br\u00e8chement.Compatible four, micro-onde, lave-vaisselle et cong\u00e9lateur. Enti\u00e8rement vitrifi\u00e9 pour une plus grande r\u00e9sistance thermique et aux chocs. .<br \/> Caract\u00e9ristiques :<br \/>Lot : 6.<br \/> Dimensions : 140(H) mm.<br \/> Mati\u00e8re : Porcelaine.<br \/> Couleur : Blanc.<\/p>\n","protected":false},"excerpt":{"rendered":"<p>Vases bouteilles blancs 140mm Olympia (Lot de 6)<\/p>\n","protected":false},"featured_media":80379,"comment_status":"closed","ping_status":"closed","template":"","meta":[],"product_brand":[],"product_cat":[1024,1023,1026,1297],"product_tag":[],"class_list":{"0":"post-64446","1":"product","2":"type-product","3":"status-publish","4":"has-post-thumbnail","6":"product_cat-accessoires-de-table","7":"product_cat-art-de-la-table","8":"product_cat-divers-art-de-la-table","9":"product_cat-non-palettisable","10":"product_shipping_class-free-shipping","12":"first","13":"instock","14":"featured","15":"taxable","16":"shipping-taxable","17":"purchasable","18":"product-type-simple"},"_links":{"self":[{"href":"https:\/\/abinox-chr-clim.com\/index.php\/wp-json\/wp\/v2\/product\/64446","targetHints":{"allow":["GET"]}}],"collection":[{"href":"https:\/\/abinox-chr-clim.com\/index.php\/wp-json\/wp\/v2\/product"}],"about":[{"href":"https:\/\/abinox-chr-clim.com\/index.php\/wp-json\/wp\/v2\/types\/product"}],"replies":[{"embeddable":true,"href":"https:\/\/abinox-chr-clim.com\/index.php\/wp-json\/wp\/v2\/comments?post=64446"}],"wp:featuredmedia":[{"embeddable":true,"href":"https:\/\/abinox-chr-clim.com\/index.php\/wp-json\/wp\/v2\/media\/80379"}],"wp:attachment":[{"href":"https:\/\/abinox-chr-clim.com\/index.php\/wp-json\/wp\/v2\/media?parent=64446"}],"wp:term":[{"taxonomy":"product_brand","embeddable":true,"href":"https:\/\/abinox-chr-clim.com\/index.php\/wp-json\/wp\/v2\/product_brand?post=64446"},{"taxonomy":"product_cat","embeddable":true,"href":"https:\/\/abinox-chr-clim.com\/index.php\/wp-json\/wp\/v2\/product_cat?post=64446"},{"taxonomy":"product_tag","embeddable":true,"href":"https:\/\/abinox-chr-clim.com\/index.php\/wp-json\/wp\/v2\/product_tag?post=64446"}],"curies":[{"name":"wp","href":"https:\/\/api.w.org\/{rel}","templated":true}]}}