{"id":64431,"date":"2024-03-22T13:23:02","date_gmt":"2024-03-22T12:23:02","guid":{"rendered":"https:\/\/abinox-chr-clim.com\/index.php\/product\/bougies-cire-liquide-lot-de-36\/"},"modified":"2026-04-02T09:48:15","modified_gmt":"2026-04-02T07:48:15","slug":"bougies-cire-liquide-lot-de-36","status":"publish","type":"product","link":"https:\/\/abinox-chr-clim.com\/index.php\/product\/bougies-cire-liquide-lot-de-36\/","title":{"rendered":"Bougies cire liquide (lot de 36)"},"content":{"rendered":"<p>Eclairage sans souci pour vos tables, d\u00e8s que vous en avez besoin. Chaque bougie br\u00fble jusqu&rsquo;\u00e0 30 heures pour r\u00e9duire le besoin de remplacement. La flamme s&rsquo;\u00e9teint imm\u00e9diatement si elle est renvers\u00e9e, bien plus s\u00fbre que les bougies en cire. La cire liquide est dans un r\u00e9cipient scell\u00e9, ce qui signifie qu&rsquo;il n&rsquo;y a pas de g\u00e2chis. La m\u00e8che est facile \u00e0 allumer, donnant une flamme constante et contr\u00f4l\u00e9e. Aucune fum\u00e9e ou r\u00e9sidu produit lors de la combustion, aucune g\u00eane pour les clients.  Eclairage sans souci pour vos tables, d\u00e8s que vous en avez besoin.<\/p>\n<p>Caract\u00e9ristiques :<br \/>Lot : 36.<br \/> Dimensions : 60(\u00d8)mm.<\/p>\n","protected":false},"excerpt":{"rendered":"<p>Bougies cire liquide (lot de 36)<\/p>\n","protected":false},"featured_media":101862,"comment_status":"closed","ping_status":"closed","template":"","meta":[],"product_brand":[],"product_cat":[1024,1023,1025,1297],"product_tag":[],"class_list":{"0":"post-64431","1":"product","2":"type-product","3":"status-publish","4":"has-post-thumbnail","6":"product_cat-accessoires-de-table","7":"product_cat-art-de-la-table","8":"product_cat-bougies-et-photophores","9":"product_cat-non-palettisable","10":"product_shipping_class-free-shipping","12":"first","13":"instock","14":"featured","15":"taxable","16":"shipping-taxable","17":"purchasable","18":"product-type-simple"},"_links":{"self":[{"href":"https:\/\/abinox-chr-clim.com\/index.php\/wp-json\/wp\/v2\/product\/64431","targetHints":{"allow":["GET"]}}],"collection":[{"href":"https:\/\/abinox-chr-clim.com\/index.php\/wp-json\/wp\/v2\/product"}],"about":[{"href":"https:\/\/abinox-chr-clim.com\/index.php\/wp-json\/wp\/v2\/types\/product"}],"replies":[{"embeddable":true,"href":"https:\/\/abinox-chr-clim.com\/index.php\/wp-json\/wp\/v2\/comments?post=64431"}],"wp:featuredmedia":[{"embeddable":true,"href":"https:\/\/abinox-chr-clim.com\/index.php\/wp-json\/wp\/v2\/media\/101862"}],"wp:attachment":[{"href":"https:\/\/abinox-chr-clim.com\/index.php\/wp-json\/wp\/v2\/media?parent=64431"}],"wp:term":[{"taxonomy":"product_brand","embeddable":true,"href":"https:\/\/abinox-chr-clim.com\/index.php\/wp-json\/wp\/v2\/product_brand?post=64431"},{"taxonomy":"product_cat","embeddable":true,"href":"https:\/\/abinox-chr-clim.com\/index.php\/wp-json\/wp\/v2\/product_cat?post=64431"},{"taxonomy":"product_tag","embeddable":true,"href":"https:\/\/abinox-chr-clim.com\/index.php\/wp-json\/wp\/v2\/product_tag?post=64431"}],"curies":[{"name":"wp","href":"https:\/\/api.w.org\/{rel}","templated":true}]}}