{"id":64411,"date":"2024-03-22T12:16:15","date_gmt":"2024-03-22T11:16:15","guid":{"rendered":"https:\/\/abinox-chr-clim.com\/index.php\/product\/table-ronde-en-frene-bolero-800mm\/"},"modified":"2026-04-02T09:06:43","modified_gmt":"2026-04-02T07:06:43","slug":"table-ronde-en-frene-bolero-800mm","status":"publish","type":"product","link":"https:\/\/abinox-chr-clim.com\/index.php\/product\/table-ronde-en-frene-bolero-800mm\/","title":{"rendered":"Table ronde en fr\u00eane Bolero 800mm"},"content":{"rendered":"<p>Table \u00e9l\u00e9gante avec plateau en bois et pied solide et stable. Id\u00e9ale pour l&rsquo;utilisation en restauration d&rsquo;ext\u00e9rieur. Assortie au fauteuil U421. Le plateau en fr\u00eane est pr\u00e9-huil\u00e9; il est conseill\u00e9 d&rsquo;appliquer de l&rsquo;huile pour bois avant la premi\u00e8re utilisation et ensuite r\u00e9guli\u00e8rement pour l&rsquo;entretenir et conserver l&rsquo;aspect d&rsquo;origine.<br \/>Le plateau en fr\u00eane pr\u00e9-huil\u00e9 avec bord en aluminium offre un look \u00e9l\u00e9gant et discret. La conception en bois et en aluminium offre une excellente durabilit\u00e9. La l\u00e9g\u00e8ret\u00e9 de la table permet \u00e0 votre personnel de la d\u00e9placer facilement. R\u00e9f\u00e9rence soumise \u00e0 une Eco-participation mobilier de 2.67\u20ac par unit\u00e9 vendue. Les pieds en caoutchouc offrent une stabilit\u00e9 accrue pour \u00e9viter que la table ne bascule ou ne se d\u00e9place. Pr\u00e9-huil\u00e9 pour une utilisation imm\u00e9diate. Emballage plat pour un auto-assemblage facile.Le fr\u00eane pr\u00e9-huil\u00e9 convient \u00e0 un usage int\u00e9rieur et ext\u00e9rieur. R\u00e9f\u00e9rence soumise \u00e0 une Eco-participation mobilier de 1,75\u20ac par unit\u00e9 vendue. Le plateau en fr\u00eane pr\u00e9-huil\u00e9 avec bord en aluminium offre un look \u00e9l\u00e9gant et discret.<\/p>\n<p> Caract\u00e9ristiques :<br \/> Dimensions : 720(H) x 800(\u00d8)mm.<br \/> Mati\u00e8re : Aluminium et fr\u00eane.<br \/> Couleur : Argent.<\/p>\n","protected":false},"excerpt":{"rendered":"<p>Table ronde en fr\u00eane Bolero 800mm<\/p>\n","protected":false},"featured_media":98506,"comment_status":"closed","ping_status":"closed","template":"","meta":[],"product_brand":[],"product_cat":[1202,1201,1297,1207],"product_tag":[],"class_list":{"0":"post-64411","1":"product","2":"type-product","3":"status-publish","4":"has-post-thumbnail","6":"product_cat-exterieur","7":"product_cat-mobilier","8":"product_cat-non-palettisable","9":"product_cat-tables","10":"product_shipping_class-free-shipping","12":"first","13":"instock","14":"featured","15":"taxable","16":"shipping-taxable","17":"purchasable","18":"product-type-simple"},"_links":{"self":[{"href":"https:\/\/abinox-chr-clim.com\/index.php\/wp-json\/wp\/v2\/product\/64411","targetHints":{"allow":["GET"]}}],"collection":[{"href":"https:\/\/abinox-chr-clim.com\/index.php\/wp-json\/wp\/v2\/product"}],"about":[{"href":"https:\/\/abinox-chr-clim.com\/index.php\/wp-json\/wp\/v2\/types\/product"}],"replies":[{"embeddable":true,"href":"https:\/\/abinox-chr-clim.com\/index.php\/wp-json\/wp\/v2\/comments?post=64411"}],"wp:featuredmedia":[{"embeddable":true,"href":"https:\/\/abinox-chr-clim.com\/index.php\/wp-json\/wp\/v2\/media\/98506"}],"wp:attachment":[{"href":"https:\/\/abinox-chr-clim.com\/index.php\/wp-json\/wp\/v2\/media?parent=64411"}],"wp:term":[{"taxonomy":"product_brand","embeddable":true,"href":"https:\/\/abinox-chr-clim.com\/index.php\/wp-json\/wp\/v2\/product_brand?post=64411"},{"taxonomy":"product_cat","embeddable":true,"href":"https:\/\/abinox-chr-clim.com\/index.php\/wp-json\/wp\/v2\/product_cat?post=64411"},{"taxonomy":"product_tag","embeddable":true,"href":"https:\/\/abinox-chr-clim.com\/index.php\/wp-json\/wp\/v2\/product_tag?post=64411"}],"curies":[{"name":"wp","href":"https:\/\/api.w.org\/{rel}","templated":true}]}}