{"id":111942,"date":"2025-05-29T13:17:45","date_gmt":"2025-05-29T11:17:45","guid":{"rendered":"https:\/\/abinox-chr-clim.com\/index.php\/product\/table-refrigeree-negative-econome-en-energie-polar-serie-u-3-portes-474l\/"},"modified":"2026-04-02T10:42:22","modified_gmt":"2026-04-02T08:42:22","slug":"table-refrigeree-negative-econome-en-energie-polar-serie-u-3-portes-474l","status":"publish","type":"product","link":"https:\/\/abinox-chr-clim.com\/index.php\/product\/table-refrigeree-negative-econome-en-energie-polar-serie-u-3-portes-474l\/","title":{"rendered":"Table r\u00e9frig\u00e9r\u00e9e n\u00e9gative \u00e9conome en \u00e9nergie Polar S\u00e9rie U 3 portes 474L"},"content":{"rendered":"<p>Table r\u00e9frig\u00e9r\u00e9e n\u00e9gative professionnelle, polyvalente et robuste avec une capacit\u00e9 de stockage fiable. Con\u00e7ue pour les sites les plus exigeants. L&rsquo;isolation performante am\u00e9liore l&rsquo;efficacit\u00e9 \u00e9nerg\u00e9tique et r\u00e9duit les co\u00fbts d&rsquo;exploitation.<\/p>\n<p>\u2022 Capacit\u00e9 spacieuse de 474 litres<br \/>\u2022 Portes verrouillables pour la s\u00e9curit\u00e9 des stocks<br \/>\u2022 Construction en acier inoxydable robuste et facile \u00e0 nettoyer<br \/>\u2022 Le puissant refroidissement par air forc\u00e9 assure des temp\u00e9ratures constantes dans tout le comptoir<br \/>\u2022 Fournie avec 3 \u00e9tag\u00e8res robustes<br \/>\u2022 D\u00e9givrage \u00e9lectrique automatique pour aider \u00e0 maintenir la performance et l&rsquo;efficacit\u00e9 du comptoir<br \/>\u2022 Portes \u00e0 fermeture automatique aide \u00e0 r\u00e9duire les co\u00fbts de fonctionnement<br \/>\u2022 Contr\u00f4leur num\u00e9rique intuitif avec affichage num\u00e9rique constant<br \/>\u2022 60 mm d&rsquo;isolation avanc\u00e9e maximisent l&rsquo;efficacit\u00e9 du comptoir<\/p>\n<p><b><u>Caract\u00e9ristiques du produit :<\/u><\/b><br \/>\u2022 Dim. : 850(H) x 1785(L) x 700(P) mm<br \/>\u2022 Mati\u00e8re : Inox<br \/>\u2022 Fr\u00e9on : R290 \/ GWP 3<br \/>\u2022 Temp\u00e9rature : -22 \u00b0C \u00e0 -10 \u00b0C<br \/>\u2022 Voltage : 220-240V<br \/>\u2022 Poids : 170 kg<br \/>\u2022 Classe \u00e9nerg\u00e9tique : 49.8<br \/>\u2022 Classe climatique : 5<br \/>\u2022 Temp\u00e9rature ambiante MAX : 43 \u00b0C<br \/>\u2022 Couleur : Gris.<\/p>\n","protected":false},"excerpt":{"rendered":"<p>510W<\/p>\n","protected":false},"featured_media":109303,"comment_status":"open","ping_status":"closed","template":"","meta":[],"product_brand":[],"product_cat":[1249,1296,1255],"product_tag":[],"class_list":{"0":"post-111942","1":"product","2":"type-product","3":"status-publish","4":"has-post-thumbnail","6":"product_cat-froid","7":"product_cat-palettisable","8":"product_cat-tables-refrigerees","9":"product_shipping_class-free-shipping","11":"first","12":"instock","13":"featured","14":"taxable","15":"shipping-taxable","16":"purchasable","17":"product-type-simple"},"_links":{"self":[{"href":"https:\/\/abinox-chr-clim.com\/index.php\/wp-json\/wp\/v2\/product\/111942","targetHints":{"allow":["GET"]}}],"collection":[{"href":"https:\/\/abinox-chr-clim.com\/index.php\/wp-json\/wp\/v2\/product"}],"about":[{"href":"https:\/\/abinox-chr-clim.com\/index.php\/wp-json\/wp\/v2\/types\/product"}],"replies":[{"embeddable":true,"href":"https:\/\/abinox-chr-clim.com\/index.php\/wp-json\/wp\/v2\/comments?post=111942"}],"wp:featuredmedia":[{"embeddable":true,"href":"https:\/\/abinox-chr-clim.com\/index.php\/wp-json\/wp\/v2\/media\/109303"}],"wp:attachment":[{"href":"https:\/\/abinox-chr-clim.com\/index.php\/wp-json\/wp\/v2\/media?parent=111942"}],"wp:term":[{"taxonomy":"product_brand","embeddable":true,"href":"https:\/\/abinox-chr-clim.com\/index.php\/wp-json\/wp\/v2\/product_brand?post=111942"},{"taxonomy":"product_cat","embeddable":true,"href":"https:\/\/abinox-chr-clim.com\/index.php\/wp-json\/wp\/v2\/product_cat?post=111942"},{"taxonomy":"product_tag","embeddable":true,"href":"https:\/\/abinox-chr-clim.com\/index.php\/wp-json\/wp\/v2\/product_tag?post=111942"}],"curies":[{"name":"wp","href":"https:\/\/api.w.org\/{rel}","templated":true}]}}